BEGIN TRANSACTION;
CREATE TABLE table_names (label VARCHAR(16), runLo INT, runHi INT, unique (runLo,runHi));
INSERT INTO "table_names" VALUES('cmap____20100914', 300818, 301338);
INSERT INTO "table_names" VALUES('cmap____20100929', 301339, 301418);
INSERT INTO "table_names" VALUES('cmap____20120316', 301500, 309999);
INSERT INTO "table_names" VALUES('cmap____20100920', 400000, 400018);
INSERT INTO "table_names" VALUES('cmap____20101009', 400019, 400253);
INSERT INTO "table_names" VALUES('cmap____20110111', 600000, 609999);
INSERT INTO "table_names" VALUES('cmap____20110111', 610000, 619999);
INSERT INTO "table_names" VALUES('cmap____20110111', 620000, 650221);
INSERT INTO "table_names" VALUES('cmap____20111104', 650222, 659999);
INSERT INTO "table_names" VALUES('cmap____20121205', 660000, 669999);
CREATE TABLE cmap____20100914 (label VARCHAR(8), crate INT, slot INT, dcon INT, x DOUBLE, y DOUBLE, z DOUBLE, primary key (label), unique (crate,slot,dcon), unique (x,y,z));
INSERT INTO "cmap____20100914" VALUES('0xdc0500', 220, 5, 0, -48.0, 16.0, 0.0);
INSERT INTO "cmap____20100914" VALUES('0xdc0501', 220, 5, 1, -48.0, 16.0, 10.0);
INSERT INTO "cmap____20100914" VALUES('0xdc0502', 220, 5, 2, -48.0, 16.0, 20.0);
INSERT INTO "cmap____20100914" VALUES('0xdc0503', 220, 5, 3, -48.0, 16.0, 30.0);
INSERT INTO "cmap____20100914" VALUES('0xdc0504', 220, 5, 4, -48.0, 16.0, 40.0);
INSERT INTO "cmap____20100914" VALUES('0xdc0505', 220, 5, 5, -48.0, 16.0, 50.0);
INSERT INTO "cmap____20100914" VALUES('0xdc0506', 220, 5, 6, -48.0, 16.0, 60.0);
INSERT INTO "cmap____20100914" VALUES('0xdc0507', 220, 5, 7, -48.0, 16.0, 70.0);
INSERT INTO "cmap____20100914" VALUES('0xdc0508', 220, 5, 8, -48.0, 16.0, 80.0);
INSERT INTO "cmap____20100914" VALUES('0xdc0509', 220, 5, 9, -48.0, 16.0, 90.0);
INSERT INTO "cmap____20100914" VALUES('0xdd0400', 221, 4, 0, 48.0, -16.0, 0.0);
INSERT INTO "cmap____20100914" VALUES('0xdd0401', 221, 4, 1, 48.0, -16.0, 10.0);
INSERT INTO "cmap____20100914" VALUES('0xdd0402', 221, 4, 2, 48.0, -16.0, 20.0);
INSERT INTO "cmap____20100914" VALUES('0xdd0403', 221, 4, 3, 48.0, -16.0, 30.0);
INSERT INTO "cmap____20100914" VALUES('0xdd0404', 221, 4, 4, 48.0, -16.0, 40.0);
INSERT INTO "cmap____20100914" VALUES('0xdd0405', 221, 4, 5, 48.0, -16.0, 50.0);
INSERT INTO "cmap____20100914" VALUES('0xdd0406', 221, 4, 6, 48.0, -16.0, 60.0);
INSERT INTO "cmap____20100914" VALUES('0xdd0407', 221, 4, 7, 48.0, -16.0, 70.0);
INSERT INTO "cmap____20100914" VALUES('0xdd0408', 221, 4, 8, 48.0, -16.0, 80.0);
INSERT INTO "cmap____20100914" VALUES('0xdd0409', 221, 4, 9, 48.0, -16.0, 90.0);
CREATE TABLE cmap____20120316 (label VARCHAR(8), crate INT, slot INT, dcon INT, x DOUBLE, y DOUBLE, z DOUBLE, primary key (label), unique (crate,slot,dcon), unique (x,y,z));
INSERT INTO "cmap____20120316" VALUES(' West-0 ', 220, 7, 0, -48.0, 16.0, 0.0);
INSERT INTO "cmap____20120316" VALUES(' West-1 ', 220, 7, 1, -48.0, 16.0, 10.0);
INSERT INTO "cmap____20120316" VALUES(' West-2 ', 220, 7, 2, -48.0, 16.0, 20.0);
INSERT INTO "cmap____20120316" VALUES(' West-3 ', 220, 7, 3, -48.0, 16.0, 30.0);
INSERT INTO "cmap____20120316" VALUES(' West-4 ', 220, 7, 4, -48.0, 16.0, 40.0);
INSERT INTO "cmap____20120316" VALUES(' West-5 ', 220, 7, 5, -48.0, 16.0, 50.0);
INSERT INTO "cmap____20120316" VALUES(' West-6 ', 220, 7, 6, -48.0, 16.0, 60.0);
INSERT INTO "cmap____20120316" VALUES(' West-7 ', 220, 7, 7, -48.0, 16.0, 70.0);
INSERT INTO "cmap____20120316" VALUES(' West-8 ', 220, 7, 8, -48.0, 16.0, 80.0);
INSERT INTO "cmap____20120316" VALUES(' East-0 ', 220, 4, 0, 48.0, -16.0, 0.0);
INSERT INTO "cmap____20120316" VALUES(' East-1 ', 220, 4, 1, 48.0, -16.0, 10.0);
INSERT INTO "cmap____20120316" VALUES(' East-2 ', 220, 4, 2, 48.0, -16.0, 20.0);
INSERT INTO "cmap____20120316" VALUES(' East-3 ', 220, 4, 3, 48.0, -16.0, 30.0);
INSERT INTO "cmap____20120316" VALUES(' East-4 ', 220, 4, 4, 48.0, -16.0, 40.0);
INSERT INTO "cmap____20120316" VALUES(' East-5 ', 220, 4, 5, 48.0, -16.0, 50.0);
INSERT INTO "cmap____20120316" VALUES(' East-6 ', 220, 4, 6, 48.0, -16.0, 60.0);
INSERT INTO "cmap____20120316" VALUES(' East-7 ', 220, 4, 7, 48.0, -16.0, 70.0);
INSERT INTO "cmap____20120316" VALUES(' East-8 ', 220, 4, 8, 48.0, -16.0, 80.0);
CREATE TABLE cmap____20100929 (label VARCHAR(8), crate INT, slot INT, dcon INT, x DOUBLE, y DOUBLE, z DOUBLE, primary key (label), unique (crate,slot,dcon), unique (x,y,z));
INSERT INTO "cmap____20100929" VALUES('0xdc0500', 220, 5, 0, -48.0, 16.0, 0.0);
INSERT INTO "cmap____20100929" VALUES('0xdc0501', 220, 5, 1, -48.0, 16.0, 10.0);
INSERT INTO "cmap____20100929" VALUES('0xdc0502', 220, 5, 2, -48.0, 16.0, 20.0);
INSERT INTO "cmap____20100929" VALUES('0xdc0503', 220, 5, 3, -48.0, 16.0, 30.0);
INSERT INTO "cmap____20100929" VALUES('0xdc0504', 220, 5, 4, -48.0, 16.0, 40.0);
INSERT INTO "cmap____20100929" VALUES('0xdc0505', 220, 5, 5, -48.0, 16.0, 50.0);
INSERT INTO "cmap____20100929" VALUES('0xdc0506', 220, 5, 6, -48.0, 16.0, 60.0);
INSERT INTO "cmap____20100929" VALUES('0xdc0507', 220, 5, 7, -48.0, 16.0, 70.0);
INSERT INTO "cmap____20100929" VALUES('0xdc0508', 220, 5, 8, -48.0, 16.0, 80.0);
INSERT INTO "cmap____20100929" VALUES('0xdc0509', 220, 5, 9, -48.0, 16.0, 90.0);
INSERT INTO "cmap____20100929" VALUES('0xdd0400', 220, 4, 0, 48.0, -16.0, 0.0);
INSERT INTO "cmap____20100929" VALUES('0xdd0401', 220, 4, 1, 48.0, -16.0, 10.0);
INSERT INTO "cmap____20100929" VALUES('0xdd0402', 220, 4, 2, 48.0, -16.0, 20.0);
INSERT INTO "cmap____20100929" VALUES('0xdd0403', 220, 4, 3, 48.0, -16.0, 30.0);
INSERT INTO "cmap____20100929" VALUES('0xdd0404', 220, 4, 4, 48.0, -16.0, 40.0);
INSERT INTO "cmap____20100929" VALUES('0xdd0405', 220, 4, 5, 48.0, -16.0, 50.0);
INSERT INTO "cmap____20100929" VALUES('0xdd0406', 220, 4, 6, 48.0, -16.0, 60.0);
INSERT INTO "cmap____20100929" VALUES('0xdd0407', 220, 4, 7, 48.0, -16.0, 70.0);
INSERT INTO "cmap____20100929" VALUES('0xdd0408', 220, 4, 8, 48.0, -16.0, 80.0);
INSERT INTO "cmap____20100929" VALUES('0xdd0409', 220, 4, 9, 48.0, -16.0, 90.0);
CREATE TABLE cmap____20100920 (label VARCHAR(8), crate INT, slot INT, dcon INT, x DOUBLE, y DOUBLE, z DOUBLE, primary key (label), unique (crate,slot,dcon), unique (x,y,z));
INSERT INTO "cmap____20100920" VALUES('0xdc0400', 220, 4, 0, 48.0, 16.0, 91.0);
INSERT INTO "cmap____20100920" VALUES('0xdc0401', 220, 4, 1, 48.0, -16.0, 91.0);
INSERT INTO "cmap____20100920" VALUES('0xdc0402', 220, 4, 2, 48.0, -48.0, 91.0);
INSERT INTO "cmap____20100920" VALUES('0xdc0500', 220, 5, 0, 48.0, 16.0, 72.8);
INSERT INTO "cmap____20100920" VALUES('0xdc0501', 220, 5, 1, 48.0, -16.0, 72.8);
INSERT INTO "cmap____20100920" VALUES('0xdc0502', 220, 5, 2, 48.0, -48.0, 72.8);
INSERT INTO "cmap____20100920" VALUES('0xdc0600', 220, 6, 0, 48.0, 16.0, 54.6);
INSERT INTO "cmap____20100920" VALUES('0xdc0601', 220, 6, 1, 48.0, -16.0, 54.6);
INSERT INTO "cmap____20100920" VALUES('0xdc0602', 220, 6, 2, 48.0, -48.0, 54.6);
INSERT INTO "cmap____20100920" VALUES('0xdc0700', 220, 7, 0, 48.0, 16.0, 36.4);
INSERT INTO "cmap____20100920" VALUES('0xdc0701', 220, 7, 1, 48.0, -16.0, 36.4);
INSERT INTO "cmap____20100920" VALUES('0xdc0702', 220, 7, 2, 48.0, -48.0, 36.4);
INSERT INTO "cmap____20100920" VALUES('0xdc0703', 220, 7, 3, 48.0, 16.0, 18.2);
INSERT INTO "cmap____20100920" VALUES('0xdc0704', 220, 7, 4, 48.0, -16.0, 18.2);
INSERT INTO "cmap____20100920" VALUES('0xdc0705', 220, 7, 5, 48.0, -48.0, 18.2);
INSERT INTO "cmap____20100920" VALUES('0xdc0706', 220, 7, 6, 48.0, 16.0, 0.0);
INSERT INTO "cmap____20100920" VALUES('0xdc0707', 220, 7, 7, 48.0, -16.0, 0.0);
INSERT INTO "cmap____20100920" VALUES('0xdc0708', 220, 7, 8, 48.0, -48.0, 0.0);
INSERT INTO "cmap____20100920" VALUES('0xdc0800', 220, 8, 0, -48.0, 48.0, 91.0);
INSERT INTO "cmap____20100920" VALUES('0xdc0801', 220, 8, 1, -48.0, 16.0, 91.0);
INSERT INTO "cmap____20100920" VALUES('0xdc0802', 220, 8, 2, -48.0, -16.0, 91.0);
INSERT INTO "cmap____20100920" VALUES('0xdc0900', 220, 9, 0, -48.0, 48.0, 72.8);
INSERT INTO "cmap____20100920" VALUES('0xdc0901', 220, 9, 1, -48.0, 16.0, 72.8);
INSERT INTO "cmap____20100920" VALUES('0xdc0902', 220, 9, 2, -48.0, -16.0, 72.8);
INSERT INTO "cmap____20100920" VALUES('0xdc0a00', 220, 10, 0, -48.0, 48.0, 54.6);
INSERT INTO "cmap____20100920" VALUES('0xdc0a01', 220, 10, 1, -48.0, 16.0, 54.6);
INSERT INTO "cmap____20100920" VALUES('0xdc0a02', 220, 10, 2, -48.0, -16.0, 54.6);
INSERT INTO "cmap____20100920" VALUES('0xdc0b00', 220, 11, 0, -48.0, 48.0, 36.4);
INSERT INTO "cmap____20100920" VALUES('0xdc0b01', 220, 11, 1, -48.0, 16.0, 36.4);
INSERT INTO "cmap____20100920" VALUES('0xdc0b02', 220, 11, 2, -48.0, -16.0, 36.4);
INSERT INTO "cmap____20100920" VALUES('0xdc0b03', 220, 11, 3, -48.0, 48.0, 18.2);
INSERT INTO "cmap____20100920" VALUES('0xdc0b04', 220, 11, 4, -48.0, 16.0, 18.2);
INSERT INTO "cmap____20100920" VALUES('0xdc0b05', 220, 11, 5, -48.0, -16.0, 18.2);
INSERT INTO "cmap____20100920" VALUES('0xdc0b06', 220, 11, 6, -48.0, 48.0, 0.0);
INSERT INTO "cmap____20100920" VALUES('0xdc0b07', 220, 11, 7, -48.0, 16.0, 0.0);
INSERT INTO "cmap____20100920" VALUES('0xdc0b08', 220, 11, 8, -48.0, -16.0, 0.0);
CREATE TABLE cmap____20101009 (label VARCHAR(8), crate INT, slot INT, dcon INT, x DOUBLE, y DOUBLE, z DOUBLE, primary key (label), unique (crate,slot,dcon), unique (x,y,z));
INSERT INTO "cmap____20101009" VALUES('00000119', 220, 4, 0, 48.0, 16.0, 0.0);
INSERT INTO "cmap____20101009" VALUES('00000120', 220, 4, 1, 48.0, -16.0, 0.0);
INSERT INTO "cmap____20101009" VALUES('00000121', 220, 4, 2, 48.0, -48.0, 0.0);
INSERT INTO "cmap____20101009" VALUES('00000122', 220, 4, 3, 48.0, 16.0, 2.6);
INSERT INTO "cmap____20101009" VALUES('00000123', 220, 4, 4, 48.0, -16.0, 2.6);
INSERT INTO "cmap____20101009" VALUES('00000124', 220, 4, 5, 48.0, -48.0, 2.6);
INSERT INTO "cmap____20101009" VALUES('00000125', 220, 4, 6, 48.0, 16.0, 5.2);
INSERT INTO "cmap____20101009" VALUES('00000126', 220, 4, 7, 48.0, -16.0, 5.2);
INSERT INTO "cmap____20101009" VALUES('00000127', 220, 4, 8, 48.0, -48.0, 5.2);
INSERT INTO "cmap____20101009" VALUES('00000128', 220, 4, 9, 48.0, 16.0, 7.8);
INSERT INTO "cmap____20101009" VALUES('00000129', 220, 4, 10, 48.0, -16.0, 7.8);
INSERT INTO "cmap____20101009" VALUES('00000130', 220, 4, 11, 48.0, -48.0, 7.8);
INSERT INTO "cmap____20101009" VALUES('00000131', 220, 5, 0, 48.0, 16.0, 10.4);
INSERT INTO "cmap____20101009" VALUES('00000132', 220, 5, 1, 48.0, -16.0, 10.4);
INSERT INTO "cmap____20101009" VALUES('00000133', 220, 5, 2, 48.0, -48.0, 10.4);
INSERT INTO "cmap____20101009" VALUES('00000134', 220, 5, 3, 48.0, 16.0, 13.0);
INSERT INTO "cmap____20101009" VALUES('00000135', 220, 5, 4, 48.0, -16.0, 13.0);
INSERT INTO "cmap____20101009" VALUES('00000136', 220, 5, 5, 48.0, -48.0, 13.0);
INSERT INTO "cmap____20101009" VALUES('00000101', 220, 8, 0, -48.0, 48.0, 0.0);
INSERT INTO "cmap____20101009" VALUES('00000102', 220, 8, 1, -48.0, 16.0, 0.0);
INSERT INTO "cmap____20101009" VALUES('00000103', 220, 8, 2, -48.0, -16.0, 0.0);
INSERT INTO "cmap____20101009" VALUES('00000104', 220, 8, 3, -48.0, 48.0, 2.6);
INSERT INTO "cmap____20101009" VALUES('00000105', 220, 8, 4, -48.0, 16.0, 2.6);
INSERT INTO "cmap____20101009" VALUES('00000106', 220, 8, 5, -48.0, -16.0, 2.6);
INSERT INTO "cmap____20101009" VALUES('00000107', 220, 8, 6, -48.0, 48.0, 5.2);
INSERT INTO "cmap____20101009" VALUES('00000108', 220, 8, 7, -48.0, 16.0, 5.2);
INSERT INTO "cmap____20101009" VALUES('00000109', 220, 8, 8, -48.0, -16.0, 5.2);
INSERT INTO "cmap____20101009" VALUES('00000110', 220, 8, 9, -48.0, 48.0, 7.8);
INSERT INTO "cmap____20101009" VALUES('00000111', 220, 8, 10, -48.0, 16.0, 7.8);
INSERT INTO "cmap____20101009" VALUES('00000112', 220, 8, 11, -48.0, -16.0, 7.8);
INSERT INTO "cmap____20101009" VALUES('00000113', 220, 9, 0, -48.0, 48.0, 10.4);
INSERT INTO "cmap____20101009" VALUES('00000114', 220, 9, 1, -48.0, 16.0, 10.4);
INSERT INTO "cmap____20101009" VALUES('00000115', 220, 9, 2, -48.0, -16.0, 10.4);
INSERT INTO "cmap____20101009" VALUES('00000116', 220, 9, 3, -48.0, 48.0, 13.0);
INSERT INTO "cmap____20101009" VALUES('00000117', 220, 9, 4, -48.0, 16.0, 13.0);
INSERT INTO "cmap____20101009" VALUES('00000118', 220, 9, 5, -48.0, -16.0, 13.0);
CREATE TABLE cmap____20110111 (label VARCHAR(8), crate INT, slot INT, dcon INT, x DOUBLE, y DOUBLE, z DOUBLE, primary key (label), unique (crate,slot,dcon), unique (x,y,z));
INSERT INTO "cmap____20110111" VALUES(' A-38-T ', 220, 4, 0, 48.0, 16.0, 114.7);
INSERT INTO "cmap____20110111" VALUES(' A-38-M ', 220, 4, 1, 48.0, -16.0, 114.7);
INSERT INTO "cmap____20110111" VALUES(' A-38-B ', 220, 4, 2, 48.0, -48.0, 114.7);
INSERT INTO "cmap____20110111" VALUES(' A-37-T ', 220, 4, 3, 48.0, 16.0, 111.6);
INSERT INTO "cmap____20110111" VALUES(' A-37-M ', 220, 4, 4, 48.0, -16.0, 111.6);
INSERT INTO "cmap____20110111" VALUES(' A-37-B ', 220, 4, 5, 48.0, -48.0, 111.6);
INSERT INTO "cmap____20110111" VALUES(' A-36-T ', 220, 4, 6, 48.0, 16.0, 108.5);
INSERT INTO "cmap____20110111" VALUES(' A-36-M ', 220, 4, 7, 48.0, -16.0, 108.5);
INSERT INTO "cmap____20110111" VALUES(' A-36-B ', 220, 4, 8, 48.0, -48.0, 108.5);
INSERT INTO "cmap____20110111" VALUES(' A-35-T ', 220, 4, 9, 48.0, 16.0, 105.4);
INSERT INTO "cmap____20110111" VALUES(' A-35-M ', 220, 4, 10, 48.0, -16.0, 105.4);
INSERT INTO "cmap____20110111" VALUES(' A-35-B ', 220, 4, 11, 48.0, -48.0, 105.4);
INSERT INTO "cmap____20110111" VALUES(' A-34-T ', 220, 5, 0, 48.0, 16.0, 102.3);
INSERT INTO "cmap____20110111" VALUES(' A-34-M ', 220, 5, 1, 48.0, -16.0, 102.3);
INSERT INTO "cmap____20110111" VALUES(' A-34-B ', 220, 5, 2, 48.0, -48.0, 102.3);
INSERT INTO "cmap____20110111" VALUES(' A-33-T ', 220, 5, 3, 48.0, 16.0, 99.2);
INSERT INTO "cmap____20110111" VALUES(' A-33-M ', 220, 5, 4, 48.0, -16.0, 99.2);
INSERT INTO "cmap____20110111" VALUES(' A-33-B ', 220, 5, 5, 48.0, -48.0, 99.2);
INSERT INTO "cmap____20110111" VALUES(' A-32-T ', 220, 5, 6, 48.0, 16.0, 96.1);
INSERT INTO "cmap____20110111" VALUES(' A-32-M ', 220, 5, 7, 48.0, -16.0, 96.1);
INSERT INTO "cmap____20110111" VALUES(' A-32-B ', 220, 5, 8, 48.0, -48.0, 96.1);
INSERT INTO "cmap____20110111" VALUES(' A-31-T ', 220, 5, 9, 48.0, 16.0, 93.0);
INSERT INTO "cmap____20110111" VALUES(' A-31-M ', 220, 5, 10, 48.0, -16.0, 93.0);
INSERT INTO "cmap____20110111" VALUES(' A-31-B ', 220, 5, 11, 48.0, -48.0, 93.0);
INSERT INTO "cmap____20110111" VALUES(' A-30-T ', 220, 6, 0, 48.0, 16.0, 89.9);
INSERT INTO "cmap____20110111" VALUES(' A-30-M ', 220, 6, 1, 48.0, -16.0, 89.9);
INSERT INTO "cmap____20110111" VALUES(' A-30-B ', 220, 6, 2, 48.0, -48.0, 89.9);
INSERT INTO "cmap____20110111" VALUES(' A-29-T ', 220, 6, 3, 48.0, 16.0, 86.8);
INSERT INTO "cmap____20110111" VALUES(' A-29-M ', 220, 6, 4, 48.0, -16.0, 86.8);
INSERT INTO "cmap____20110111" VALUES(' A-29-B ', 220, 6, 5, 48.0, -48.0, 86.8);
INSERT INTO "cmap____20110111" VALUES(' A-28-T ', 220, 6, 6, 48.0, 16.0, 83.7);
INSERT INTO "cmap____20110111" VALUES(' A-28-M ', 220, 6, 7, 48.0, -16.0, 83.7);
INSERT INTO "cmap____20110111" VALUES(' A-28-B ', 220, 6, 8, 48.0, -48.0, 83.7);
INSERT INTO "cmap____20110111" VALUES(' A-27-T ', 220, 6, 9, 48.0, 16.0, 80.6);
INSERT INTO "cmap____20110111" VALUES(' A-27-M ', 220, 6, 10, 48.0, -16.0, 80.6);
INSERT INTO "cmap____20110111" VALUES(' A-27-B ', 220, 6, 11, 48.0, -48.0, 80.6);
INSERT INTO "cmap____20110111" VALUES(' A-26-T ', 220, 7, 0, 48.0, 16.0, 77.5);
INSERT INTO "cmap____20110111" VALUES(' A-26-M ', 220, 7, 1, 48.0, -16.0, 77.5);
INSERT INTO "cmap____20110111" VALUES(' A-26-B ', 220, 7, 2, 48.0, -48.0, 77.5);
INSERT INTO "cmap____20110111" VALUES(' A-25-T ', 220, 7, 3, 48.0, 16.0, 74.4);
INSERT INTO "cmap____20110111" VALUES(' A-25-M ', 220, 7, 4, 48.0, -16.0, 74.4);
INSERT INTO "cmap____20110111" VALUES(' A-25-B ', 220, 7, 5, 48.0, -48.0, 74.4);
INSERT INTO "cmap____20110111" VALUES(' A-24-T ', 220, 7, 6, 48.0, 16.0, 71.3);
INSERT INTO "cmap____20110111" VALUES(' A-24-M ', 220, 7, 7, 48.0, -16.0, 71.3);
INSERT INTO "cmap____20110111" VALUES(' A-24-B ', 220, 7, 8, 48.0, -48.0, 71.3);
INSERT INTO "cmap____20110111" VALUES(' A-23-T ', 220, 7, 9, 48.0, 16.0, 68.2);
INSERT INTO "cmap____20110111" VALUES(' A-23-M ', 220, 7, 10, 48.0, -16.0, 68.2);
INSERT INTO "cmap____20110111" VALUES(' A-23-B ', 220, 7, 11, 48.0, -48.0, 68.2);
INSERT INTO "cmap____20110111" VALUES(' A-22-T ', 220, 8, 0, 48.0, 16.0, 65.1);
INSERT INTO "cmap____20110111" VALUES(' A-22-M ', 220, 8, 1, 48.0, -16.0, 65.1);
INSERT INTO "cmap____20110111" VALUES(' A-22-B ', 220, 8, 2, 48.0, -48.0, 65.1);
INSERT INTO "cmap____20110111" VALUES(' A-21-T ', 220, 8, 3, 48.0, 16.0, 62.0);
INSERT INTO "cmap____20110111" VALUES(' A-21-M ', 220, 8, 4, 48.0, -16.0, 62.0);
INSERT INTO "cmap____20110111" VALUES(' A-21-B ', 220, 8, 5, 48.0, -48.0, 62.0);
INSERT INTO "cmap____20110111" VALUES(' A-20-T ', 220, 8, 6, 48.0, 16.0, 58.9);
INSERT INTO "cmap____20110111" VALUES(' A-20-M ', 220, 8, 7, 48.0, -16.0, 58.9);
INSERT INTO "cmap____20110111" VALUES(' A-20-B ', 220, 8, 8, 48.0, -48.0, 58.9);
INSERT INTO "cmap____20110111" VALUES(' A-19-T ', 220, 8, 9, 48.0, 16.0, 55.8);
INSERT INTO "cmap____20110111" VALUES(' A-19-M ', 220, 8, 10, 48.0, -16.0, 55.8);
INSERT INTO "cmap____20110111" VALUES(' A-19-B ', 220, 8, 11, 48.0, -48.0, 55.8);
INSERT INTO "cmap____20110111" VALUES(' A-18-T ', 220, 9, 0, 48.0, 16.0, 52.7);
INSERT INTO "cmap____20110111" VALUES(' A-18-M ', 220, 9, 1, 48.0, -16.0, 52.7);
INSERT INTO "cmap____20110111" VALUES(' A-18-B ', 220, 9, 2, 48.0, -48.0, 52.7);
INSERT INTO "cmap____20110111" VALUES(' A-17-T ', 220, 9, 3, 48.0, 16.0, 49.6);
INSERT INTO "cmap____20110111" VALUES(' A-17-M ', 220, 9, 4, 48.0, -16.0, 49.6);
INSERT INTO "cmap____20110111" VALUES(' A-17-B ', 220, 9, 5, 48.0, -48.0, 49.6);
INSERT INTO "cmap____20110111" VALUES(' A-16-T ', 220, 9, 6, 48.0, 16.0, 46.5);
INSERT INTO "cmap____20110111" VALUES(' A-16-M ', 220, 9, 7, 48.0, -16.0, 46.5);
INSERT INTO "cmap____20110111" VALUES(' A-16-B ', 220, 9, 8, 48.0, -48.0, 46.5);
INSERT INTO "cmap____20110111" VALUES(' A-15-T ', 220, 9, 9, 48.0, 16.0, 43.4);
INSERT INTO "cmap____20110111" VALUES(' A-15-M ', 220, 9, 10, 48.0, -16.0, 43.4);
INSERT INTO "cmap____20110111" VALUES(' A-15-B ', 220, 9, 11, 48.0, -48.0, 43.4);
INSERT INTO "cmap____20110111" VALUES(' A-14-T ', 220, 10, 0, 48.0, 16.0, 40.3);
INSERT INTO "cmap____20110111" VALUES(' A-14-M ', 220, 10, 1, 48.0, -16.0, 40.3);
INSERT INTO "cmap____20110111" VALUES(' A-14-B ', 220, 10, 2, 48.0, -48.0, 40.3);
INSERT INTO "cmap____20110111" VALUES(' A-13-T ', 220, 10, 3, 48.0, 16.0, 37.1);
INSERT INTO "cmap____20110111" VALUES(' A-13-M ', 220, 10, 4, 48.0, -16.0, 37.1);
INSERT INTO "cmap____20110111" VALUES(' A-13-B ', 220, 10, 5, 48.0, -48.0, 37.1);
INSERT INTO "cmap____20110111" VALUES(' A-12-T ', 220, 10, 6, 48.0, 16.0, 34.1);
INSERT INTO "cmap____20110111" VALUES(' A-12-M ', 220, 10, 7, 48.0, -16.0, 34.1);
INSERT INTO "cmap____20110111" VALUES(' A-12-B ', 220, 10, 8, 48.0, -48.0, 34.1);
INSERT INTO "cmap____20110111" VALUES(' A-11-T ', 220, 10, 9, 48.0, 16.0, 31.0);
INSERT INTO "cmap____20110111" VALUES(' A-11-M ', 220, 10, 10, 48.0, -16.0, 31.0);
INSERT INTO "cmap____20110111" VALUES(' A-11-B ', 220, 10, 11, 48.0, -48.0, 31.0);
INSERT INTO "cmap____20110111" VALUES(' A-10-T ', 220, 11, 0, 48.0, 16.0, 27.9);
INSERT INTO "cmap____20110111" VALUES(' A-10-M ', 220, 11, 1, 48.0, -16.0, 27.9);
INSERT INTO "cmap____20110111" VALUES(' A-10-B ', 220, 11, 2, 48.0, -48.0, 27.9);
INSERT INTO "cmap____20110111" VALUES(' A-09-T ', 220, 11, 3, 48.0, 16.0, 24.8);
INSERT INTO "cmap____20110111" VALUES(' A-09-M ', 220, 11, 4, 48.0, -16.0, 24.8);
INSERT INTO "cmap____20110111" VALUES(' A-09-B ', 220, 11, 5, 48.0, -48.0, 24.8);
INSERT INTO "cmap____20110111" VALUES(' A-08-T ', 220, 11, 6, 48.0, 16.0, 21.7);
INSERT INTO "cmap____20110111" VALUES(' A-08-M ', 220, 11, 7, 48.0, -16.0, 21.7);
INSERT INTO "cmap____20110111" VALUES(' A-08-B ', 220, 11, 8, 48.0, -48.0, 21.7);
INSERT INTO "cmap____20110111" VALUES(' A-07-T ', 220, 11, 9, 48.0, 16.0, 18.6);
INSERT INTO "cmap____20110111" VALUES(' A-07-M ', 220, 11, 10, 48.0, -16.0, 18.6);
INSERT INTO "cmap____20110111" VALUES(' A-07-B ', 220, 11, 11, 48.0, -48.0, 18.6);
INSERT INTO "cmap____20110111" VALUES(' A-06-T ', 220, 12, 0, 48.0, 16.0, 15.5);
INSERT INTO "cmap____20110111" VALUES(' A-06-M ', 220, 12, 1, 48.0, -16.0, 15.5);
INSERT INTO "cmap____20110111" VALUES(' A-06-B ', 220, 12, 2, 48.0, -48.0, 15.5);
INSERT INTO "cmap____20110111" VALUES(' A-05-T ', 220, 12, 3, 48.0, 16.0, 12.4);
INSERT INTO "cmap____20110111" VALUES(' A-05-M ', 220, 12, 4, 48.0, -16.0, 12.4);
INSERT INTO "cmap____20110111" VALUES(' A-05-B ', 220, 12, 5, 48.0, -48.0, 12.4);
INSERT INTO "cmap____20110111" VALUES(' A-04-T ', 220, 12, 6, 48.0, 16.0, 9.3);
INSERT INTO "cmap____20110111" VALUES(' A-04-M ', 220, 12, 7, 48.0, -16.0, 9.3);
INSERT INTO "cmap____20110111" VALUES(' A-04-B ', 220, 12, 8, 48.0, -48.0, 9.3);
INSERT INTO "cmap____20110111" VALUES(' A-03-T ', 220, 12, 9, 48.0, 16.0, 6.2);
INSERT INTO "cmap____20110111" VALUES(' A-03-M ', 220, 12, 10, 48.0, -16.0, 6.2);
INSERT INTO "cmap____20110111" VALUES(' A-03-B ', 220, 12, 11, 48.0, -48.0, 6.2);
INSERT INTO "cmap____20110111" VALUES(' A-02-T ', 220, 13, 0, 48.0, 16.0, 3.1);
INSERT INTO "cmap____20110111" VALUES(' A-02-M ', 220, 13, 1, 48.0, -16.0, 3.1);
INSERT INTO "cmap____20110111" VALUES(' A-02-B ', 220, 13, 2, 48.0, -48.0, 3.1);
INSERT INTO "cmap____20110111" VALUES(' A-01-T ', 220, 13, 3, 48.0, 16.0, 0.0);
INSERT INTO "cmap____20110111" VALUES(' A-01-M ', 220, 13, 4, 48.0, -16.0, 0.0);
INSERT INTO "cmap____20110111" VALUES(' A-01-B ', 220, 13, 5, 48.0, -48.0, 0.0);
INSERT INTO "cmap____20110111" VALUES(' A-39-T ', 220, 14, 0, 48.0, 16.0, 154.7);
INSERT INTO "cmap____20110111" VALUES(' A-39-M ', 220, 14, 1, 48.0, -16.0, 154.7);
INSERT INTO "cmap____20110111" VALUES(' A-39-B ', 220, 14, 2, 48.0, -48.0, 154.7);
INSERT INTO "cmap____20110111" VALUES(' A-40-T ', 220, 14, 3, 48.0, 16.0, 159.7);
INSERT INTO "cmap____20110111" VALUES(' A-40-M ', 220, 14, 4, 48.0, -16.0, 159.7);
INSERT INTO "cmap____20110111" VALUES(' A-40-B ', 220, 14, 5, 48.0, -48.0, 159.7);
INSERT INTO "cmap____20110111" VALUES(' A-41-T ', 220, 14, 6, 48.0, 16.0, 164.7);
INSERT INTO "cmap____20110111" VALUES(' A-41-M ', 220, 14, 7, 48.0, -16.0, 164.7);
INSERT INTO "cmap____20110111" VALUES(' A-41-B ', 220, 13, 8, 48.0, -48.0, 164.7);
INSERT INTO "cmap____20110111" VALUES(' A-42-T ', 220, 13, 9, 48.0, 16.0, 169.7);
INSERT INTO "cmap____20110111" VALUES(' A-42-M ', 220, 13, 10, 48.0, -16.0, 169.7);
INSERT INTO "cmap____20110111" VALUES(' A-42-B ', 220, 13, 11, 48.0, -48.0, 169.7);
INSERT INTO "cmap____20110111" VALUES(' A-43-T ', 220, 15, 0, 48.0, 16.0, 174.7);
INSERT INTO "cmap____20110111" VALUES(' A-43-M ', 220, 15, 1, 48.0, -16.0, 174.7);
INSERT INTO "cmap____20110111" VALUES(' A-43-B ', 220, 15, 2, 48.0, -48.0, 174.7);
INSERT INTO "cmap____20110111" VALUES(' A-44-T ', 220, 15, 3, 48.0, 16.0, 179.7);
INSERT INTO "cmap____20110111" VALUES(' A-44-M ', 220, 15, 4, 48.0, -16.0, 179.7);
INSERT INTO "cmap____20110111" VALUES(' A-44-B ', 220, 15, 5, 48.0, -48.0, 179.7);
INSERT INTO "cmap____20110111" VALUES(' A-45-T ', 220, 15, 6, 48.0, 16.0, 184.7);
INSERT INTO "cmap____20110111" VALUES(' A-45-M ', 220, 15, 7, 48.0, -16.0, 184.7);
INSERT INTO "cmap____20110111" VALUES(' A-45-B ', 220, 15, 8, 48.0, -48.0, 184.7);
INSERT INTO "cmap____20110111" VALUES(' A-46-T ', 220, 15, 9, 48.0, 16.0, 189.7);
INSERT INTO "cmap____20110111" VALUES(' A-46-M ', 220, 15, 10, 48.0, -16.0, 189.7);
INSERT INTO "cmap____20110111" VALUES(' A-46-B ', 220, 15, 11, 48.0, -48.0, 189.7);
INSERT INTO "cmap____20110111" VALUES(' A-47-T ', 220, 16, 0, 48.0, 16.0, 194.7);
INSERT INTO "cmap____20110111" VALUES(' A-47-M ', 220, 16, 1, 48.0, -16.0, 194.7);
INSERT INTO "cmap____20110111" VALUES(' A-47-B ', 220, 16, 2, 48.0, -48.0, 194.7);
INSERT INTO "cmap____20110111" VALUES(' A-48-T ', 220, 16, 3, 48.0, 16.0, 207.7);
INSERT INTO "cmap____20110111" VALUES(' A-48-M ', 220, 16, 4, 48.0, -16.0, 207.7);
INSERT INTO "cmap____20110111" VALUES(' A-48-B ', 220, 16, 5, 48.0, -48.0, 207.7);
INSERT INTO "cmap____20110111" VALUES(' A-49-T ', 220, 16, 6, 48.0, 16.0, 220.7);
INSERT INTO "cmap____20110111" VALUES(' A-49-M ', 220, 16, 7, 48.0, -16.0, 220.7);
INSERT INTO "cmap____20110111" VALUES(' A-49-B ', 220, 16, 8, 48.0, -48.0, 220.7);
INSERT INTO "cmap____20110111" VALUES(' A-50-T ', 220, 16, 9, 48.0, 16.0, 233.7);
INSERT INTO "cmap____20110111" VALUES(' A-50-M ', 220, 16, 10, 48.0, -16.0, 233.7);
INSERT INTO "cmap____20110111" VALUES(' A-50-B ', 220, 16, 11, 48.0, -48.0, 233.7);
INSERT INTO "cmap____20110111" VALUES(' A-51-T ', 220, 17, 0, 48.0, 16.0, 246.7);
INSERT INTO "cmap____20110111" VALUES(' A-51-M ', 220, 17, 1, 48.0, -16.0, 246.7);
INSERT INTO "cmap____20110111" VALUES(' A-51-B ', 220, 17, 2, 48.0, -48.0, 246.7);
INSERT INTO "cmap____20110111" VALUES(' A-52-T ', 220, 17, 3, 48.0, 16.0, 259.7);
INSERT INTO "cmap____20110111" VALUES(' A-52-M ', 220, 17, 4, 48.0, -16.0, 259.7);
INSERT INTO "cmap____20110111" VALUES(' A-52-B ', 220, 17, 5, 48.0, -48.0, 259.7);
INSERT INTO "cmap____20110111" VALUES(' B-38-T ', 221, 4, 0, -48.0, 48.0, 114.7);
INSERT INTO "cmap____20110111" VALUES(' B-38-M ', 221, 4, 1, -48.0, 16.0, 114.7);
INSERT INTO "cmap____20110111" VALUES(' B-38-B ', 221, 4, 2, -48.0, -16.0, 114.7);
INSERT INTO "cmap____20110111" VALUES(' B-37-T ', 221, 4, 3, -48.0, 48.0, 111.6);
INSERT INTO "cmap____20110111" VALUES(' B-37-M ', 221, 4, 4, -48.0, 16.0, 111.6);
INSERT INTO "cmap____20110111" VALUES(' B-37-B ', 221, 4, 5, -48.0, -16.0, 111.6);
INSERT INTO "cmap____20110111" VALUES(' B-36-T ', 221, 4, 6, -48.0, 48.0, 108.5);
INSERT INTO "cmap____20110111" VALUES(' B-36-M ', 221, 4, 7, -48.0, 16.0, 108.5);
INSERT INTO "cmap____20110111" VALUES(' B-36-B ', 221, 4, 8, -48.0, -16.0, 108.5);
INSERT INTO "cmap____20110111" VALUES(' B-35-T ', 221, 4, 9, -48.0, 48.0, 105.4);
INSERT INTO "cmap____20110111" VALUES(' B-35-M ', 221, 4, 10, -48.0, 16.0, 105.4);
INSERT INTO "cmap____20110111" VALUES(' B-35-B ', 221, 4, 11, -48.0, -16.0, 105.4);
INSERT INTO "cmap____20110111" VALUES(' B-34-T ', 221, 5, 0, -48.0, 48.0, 102.3);
INSERT INTO "cmap____20110111" VALUES(' B-34-M ', 221, 5, 1, -48.0, 16.0, 102.3);
INSERT INTO "cmap____20110111" VALUES(' B-34-B ', 221, 5, 2, -48.0, -16.0, 102.3);
INSERT INTO "cmap____20110111" VALUES(' B-33-T ', 221, 5, 3, -48.0, 48.0, 99.2);
INSERT INTO "cmap____20110111" VALUES(' B-33-M ', 221, 5, 4, -48.0, 16.0, 99.2);
INSERT INTO "cmap____20110111" VALUES(' B-33-B ', 221, 5, 5, -48.0, -16.0, 99.2);
INSERT INTO "cmap____20110111" VALUES(' B-32-T ', 221, 5, 6, -48.0, 48.0, 96.1);
INSERT INTO "cmap____20110111" VALUES(' B-32-M ', 221, 5, 7, -48.0, 16.0, 96.1);
INSERT INTO "cmap____20110111" VALUES(' B-32-B ', 221, 5, 8, -48.0, -16.0, 96.1);
INSERT INTO "cmap____20110111" VALUES(' B-31-T ', 221, 5, 9, -48.0, 48.0, 93.0);
INSERT INTO "cmap____20110111" VALUES(' B-31-M ', 221, 5, 10, -48.0, 16.0, 93.0);
INSERT INTO "cmap____20110111" VALUES(' B-31-B ', 221, 5, 11, -48.0, -16.0, 93.0);
INSERT INTO "cmap____20110111" VALUES(' B-30-T ', 221, 6, 0, -48.0, 48.0, 89.9);
INSERT INTO "cmap____20110111" VALUES(' B-30-M ', 221, 6, 1, -48.0, 16.0, 89.9);
INSERT INTO "cmap____20110111" VALUES(' B-30-B ', 221, 6, 2, -48.0, -16.0, 89.9);
INSERT INTO "cmap____20110111" VALUES(' B-29-T ', 221, 6, 3, -48.0, 48.0, 86.8);
INSERT INTO "cmap____20110111" VALUES(' B-29-M ', 221, 6, 4, -48.0, 16.0, 86.8);
INSERT INTO "cmap____20110111" VALUES(' B-29-B ', 221, 6, 5, -48.0, -16.0, 86.8);
INSERT INTO "cmap____20110111" VALUES(' B-28-T ', 221, 6, 6, -48.0, 48.0, 83.7);
INSERT INTO "cmap____20110111" VALUES(' B-28-M ', 221, 6, 7, -48.0, 16.0, 83.7);
INSERT INTO "cmap____20110111" VALUES(' B-28-B ', 221, 6, 8, -48.0, -16.0, 83.7);
INSERT INTO "cmap____20110111" VALUES(' B-27-T ', 221, 6, 9, -48.0, 48.0, 80.6);
INSERT INTO "cmap____20110111" VALUES(' B-27-M ', 221, 6, 10, -48.0, 16.0, 80.6);
INSERT INTO "cmap____20110111" VALUES(' B-27-B ', 221, 6, 11, -48.0, -16.0, 80.6);
INSERT INTO "cmap____20110111" VALUES(' B-26-T ', 221, 7, 0, -48.0, 48.0, 77.5);
INSERT INTO "cmap____20110111" VALUES(' B-26-M ', 221, 7, 1, -48.0, 16.0, 77.5);
INSERT INTO "cmap____20110111" VALUES(' B-26-B ', 221, 7, 2, -48.0, -16.0, 77.5);
INSERT INTO "cmap____20110111" VALUES(' B-25-T ', 221, 7, 3, -48.0, 48.0, 74.4);
INSERT INTO "cmap____20110111" VALUES(' B-25-M ', 221, 7, 4, -48.0, 16.0, 74.4);
INSERT INTO "cmap____20110111" VALUES(' B-25-B ', 221, 7, 5, -48.0, -16.0, 74.4);
INSERT INTO "cmap____20110111" VALUES(' B-24-T ', 221, 7, 6, -48.0, 48.0, 71.3);
INSERT INTO "cmap____20110111" VALUES(' B-24-M ', 221, 7, 7, -48.0, 16.0, 71.3);
INSERT INTO "cmap____20110111" VALUES(' B-24-B ', 221, 7, 8, -48.0, -16.0, 71.3);
INSERT INTO "cmap____20110111" VALUES(' B-23-T ', 221, 7, 9, -48.0, 48.0, 68.2);
INSERT INTO "cmap____20110111" VALUES(' B-23-M ', 221, 7, 10, -48.0, 16.0, 68.2);
INSERT INTO "cmap____20110111" VALUES(' B-23-B ', 221, 7, 11, -48.0, -16.0, 68.2);
INSERT INTO "cmap____20110111" VALUES(' B-22-T ', 221, 8, 0, -48.0, 48.0, 65.1);
INSERT INTO "cmap____20110111" VALUES(' B-22-M ', 221, 8, 1, -48.0, 16.0, 65.1);
INSERT INTO "cmap____20110111" VALUES(' B-22-B ', 221, 8, 2, -48.0, -16.0, 65.1);
INSERT INTO "cmap____20110111" VALUES(' B-21-T ', 221, 8, 3, -48.0, 48.0, 62.0);
INSERT INTO "cmap____20110111" VALUES(' B-21-M ', 221, 8, 4, -48.0, 16.0, 62.0);
INSERT INTO "cmap____20110111" VALUES(' B-21-B ', 221, 8, 5, -48.0, -16.0, 62.0);
INSERT INTO "cmap____20110111" VALUES(' B-20-T ', 221, 8, 6, -48.0, 48.0, 58.9);
INSERT INTO "cmap____20110111" VALUES(' B-20-M ', 221, 8, 7, -48.0, 16.0, 58.9);
INSERT INTO "cmap____20110111" VALUES(' B-20-B ', 221, 8, 8, -48.0, -16.0, 58.9);
INSERT INTO "cmap____20110111" VALUES(' B-19-T ', 221, 8, 9, -48.0, 48.0, 55.8);
INSERT INTO "cmap____20110111" VALUES(' B-19-M ', 221, 8, 10, -48.0, 16.0, 55.8);
INSERT INTO "cmap____20110111" VALUES(' B-19-B ', 221, 8, 11, -48.0, -16.0, 55.8);
INSERT INTO "cmap____20110111" VALUES(' B-18-T ', 221, 9, 0, -48.0, 48.0, 52.7);
INSERT INTO "cmap____20110111" VALUES(' B-18-M ', 221, 9, 1, -48.0, 16.0, 52.7);
INSERT INTO "cmap____20110111" VALUES(' B-18-B ', 221, 9, 2, -48.0, -16.0, 52.7);
INSERT INTO "cmap____20110111" VALUES(' B-17-T ', 221, 9, 3, -48.0, 48.0, 49.6);
INSERT INTO "cmap____20110111" VALUES(' B-17-M ', 221, 9, 4, -48.0, 16.0, 49.6);
INSERT INTO "cmap____20110111" VALUES(' B-17-B ', 221, 9, 5, -48.0, -16.0, 49.6);
INSERT INTO "cmap____20110111" VALUES(' B-16-T ', 221, 9, 6, -48.0, 48.0, 46.5);
INSERT INTO "cmap____20110111" VALUES(' B-16-M ', 221, 9, 7, -48.0, 16.0, 46.5);
INSERT INTO "cmap____20110111" VALUES(' B-16-B ', 221, 9, 8, -48.0, -16.0, 46.5);
INSERT INTO "cmap____20110111" VALUES(' B-15-T ', 221, 9, 9, -48.0, 48.0, 43.4);
INSERT INTO "cmap____20110111" VALUES(' B-15-M ', 221, 9, 10, -48.0, 16.0, 43.4);
INSERT INTO "cmap____20110111" VALUES(' B-15-B ', 221, 9, 11, -48.0, -16.0, 43.4);
INSERT INTO "cmap____20110111" VALUES(' B-14-T ', 221, 10, 0, -48.0, 48.0, 40.3);
INSERT INTO "cmap____20110111" VALUES(' B-14-M ', 221, 10, 1, -48.0, 16.0, 40.3);
INSERT INTO "cmap____20110111" VALUES(' B-14-B ', 221, 10, 2, -48.0, -16.0, 40.3);
INSERT INTO "cmap____20110111" VALUES(' B-13-T ', 221, 10, 3, -48.0, 48.0, 37.1);
INSERT INTO "cmap____20110111" VALUES(' B-13-M ', 221, 10, 4, -48.0, 16.0, 37.1);
INSERT INTO "cmap____20110111" VALUES(' B-13-B ', 221, 10, 5, -48.0, -16.0, 37.1);
INSERT INTO "cmap____20110111" VALUES(' B-12-T ', 221, 10, 6, -48.0, 48.0, 34.1);
INSERT INTO "cmap____20110111" VALUES(' B-12-M ', 221, 10, 7, -48.0, 16.0, 34.1);
INSERT INTO "cmap____20110111" VALUES(' B-12-B ', 221, 10, 8, -48.0, -16.0, 34.1);
INSERT INTO "cmap____20110111" VALUES(' B-11-T ', 221, 10, 9, -48.0, 48.0, 31.0);
INSERT INTO "cmap____20110111" VALUES(' B-11-M ', 221, 10, 10, -48.0, 16.0, 31.0);
INSERT INTO "cmap____20110111" VALUES(' B-11-B ', 221, 10, 11, -48.0, -16.0, 31.0);
INSERT INTO "cmap____20110111" VALUES(' B-10-T ', 221, 11, 0, -48.0, 48.0, 27.9);
INSERT INTO "cmap____20110111" VALUES(' B-10-M ', 221, 11, 1, -48.0, 16.0, 27.9);
INSERT INTO "cmap____20110111" VALUES(' B-10-B ', 221, 11, 2, -48.0, -16.0, 27.9);
INSERT INTO "cmap____20110111" VALUES(' B-09-T ', 221, 11, 3, -48.0, 48.0, 24.8);
INSERT INTO "cmap____20110111" VALUES(' B-09-M ', 221, 11, 4, -48.0, 16.0, 24.8);
INSERT INTO "cmap____20110111" VALUES(' B-09-B ', 221, 11, 5, -48.0, -16.0, 24.8);
INSERT INTO "cmap____20110111" VALUES(' B-08-T ', 221, 11, 6, -48.0, 48.0, 21.7);
INSERT INTO "cmap____20110111" VALUES(' B-08-M ', 221, 11, 7, -48.0, 16.0, 21.7);
INSERT INTO "cmap____20110111" VALUES(' B-08-B ', 221, 11, 8, -48.0, -16.0, 21.7);
INSERT INTO "cmap____20110111" VALUES(' B-07-T ', 221, 11, 9, -48.0, 48.0, 18.6);
INSERT INTO "cmap____20110111" VALUES(' B-07-M ', 221, 11, 10, -48.0, 16.0, 18.6);
INSERT INTO "cmap____20110111" VALUES(' B-07-B ', 221, 11, 11, -48.0, -16.0, 18.6);
INSERT INTO "cmap____20110111" VALUES(' B-06-T ', 221, 12, 0, -48.0, 48.0, 15.5);
INSERT INTO "cmap____20110111" VALUES(' B-06-M ', 221, 12, 1, -48.0, 16.0, 15.5);
INSERT INTO "cmap____20110111" VALUES(' B-06-B ', 221, 12, 2, -48.0, -16.0, 15.5);
INSERT INTO "cmap____20110111" VALUES(' B-05-T ', 221, 12, 3, -48.0, 48.0, 12.4);
INSERT INTO "cmap____20110111" VALUES(' B-05-M ', 221, 12, 4, -48.0, 16.0, 12.4);
INSERT INTO "cmap____20110111" VALUES(' B-05-B ', 221, 12, 5, -48.0, -16.0, 12.4);
INSERT INTO "cmap____20110111" VALUES(' B-04-T ', 221, 12, 6, -48.0, 48.0, 9.3);
INSERT INTO "cmap____20110111" VALUES(' B-04-M ', 221, 12, 7, -48.0, 16.0, 9.3);
INSERT INTO "cmap____20110111" VALUES(' B-04-B ', 221, 12, 8, -48.0, -16.0, 9.3);
INSERT INTO "cmap____20110111" VALUES(' B-03-T ', 221, 12, 9, -48.0, 48.0, 6.2);
INSERT INTO "cmap____20110111" VALUES(' B-03-M ', 221, 12, 10, -48.0, 16.0, 6.2);
INSERT INTO "cmap____20110111" VALUES(' B-03-B ', 221, 12, 11, -48.0, -16.0, 6.2);
INSERT INTO "cmap____20110111" VALUES(' B-02-T ', 221, 13, 0, -48.0, 48.0, 3.1);
INSERT INTO "cmap____20110111" VALUES(' B-02-M ', 221, 13, 1, -48.0, 16.0, 3.1);
INSERT INTO "cmap____20110111" VALUES(' B-02-B ', 221, 13, 2, -48.0, -16.0, 3.1);
INSERT INTO "cmap____20110111" VALUES(' B-01-T ', 221, 13, 3, -48.0, 48.0, 0.0);
INSERT INTO "cmap____20110111" VALUES(' B-01-M ', 221, 13, 4, -48.0, 16.0, 0.0);
INSERT INTO "cmap____20110111" VALUES(' B-01-B ', 221, 13, 5, -48.0, -16.0, 0.0);
INSERT INTO "cmap____20110111" VALUES(' B-39-T ', 221, 14, 0, -48.0, 48.0, 154.7);
INSERT INTO "cmap____20110111" VALUES(' B-39-M ', 221, 14, 1, -48.0, 16.0, 154.7);
INSERT INTO "cmap____20110111" VALUES(' B-39-B ', 221, 14, 2, -48.0, -16.0, 154.7);
INSERT INTO "cmap____20110111" VALUES(' B-40-T ', 221, 14, 3, -48.0, 48.0, 159.7);
INSERT INTO "cmap____20110111" VALUES(' B-40-M ', 221, 14, 4, -48.0, 16.0, 159.7);
INSERT INTO "cmap____20110111" VALUES(' B-40-B ', 221, 14, 5, -48.0, -16.0, 159.7);
INSERT INTO "cmap____20110111" VALUES(' B-41-T ', 221, 14, 6, -48.0, 48.0, 164.7);
INSERT INTO "cmap____20110111" VALUES(' B-41-M ', 221, 14, 7, -48.0, 16.0, 164.7);
INSERT INTO "cmap____20110111" VALUES(' B-41-B ', 221, 14, 8, -48.0, -16.0, 164.7);
INSERT INTO "cmap____20110111" VALUES(' B-42-T ', 221, 14, 9, -48.0, 48.0, 169.7);
INSERT INTO "cmap____20110111" VALUES(' B-42-M ', 221, 14, 10, -48.0, 16.0, 169.7);
INSERT INTO "cmap____20110111" VALUES(' B-42-B ', 221, 14, 11, -48.0, -16.0, 169.7);
INSERT INTO "cmap____20110111" VALUES(' B-43-T ', 221, 15, 0, -48.0, 48.0, 174.7);
INSERT INTO "cmap____20110111" VALUES(' B-43-M ', 221, 15, 1, -48.0, 16.0, 174.7);
INSERT INTO "cmap____20110111" VALUES(' B-43-B ', 221, 15, 2, -48.0, -16.0, 174.7);
INSERT INTO "cmap____20110111" VALUES(' B-44-T ', 221, 15, 3, -48.0, 48.0, 179.7);
INSERT INTO "cmap____20110111" VALUES(' B-44-M ', 221, 15, 4, -48.0, 16.0, 179.7);
INSERT INTO "cmap____20110111" VALUES(' B-44-B ', 221, 15, 5, -48.0, -16.0, 179.7);
INSERT INTO "cmap____20110111" VALUES(' B-45-T ', 221, 15, 6, -48.0, 48.0, 184.7);
INSERT INTO "cmap____20110111" VALUES(' B-45-M ', 221, 15, 7, -48.0, 16.0, 184.7);
INSERT INTO "cmap____20110111" VALUES(' B-45-B ', 221, 15, 8, -48.0, -16.0, 184.7);
INSERT INTO "cmap____20110111" VALUES(' B-46-T ', 221, 15, 9, -48.0, 48.0, 189.7);
INSERT INTO "cmap____20110111" VALUES(' B-46-M ', 221, 15, 10, -48.0, 16.0, 189.7);
INSERT INTO "cmap____20110111" VALUES(' B-46-B ', 221, 15, 11, -48.0, -16.0, 189.7);
INSERT INTO "cmap____20110111" VALUES(' B-47-T ', 221, 16, 0, -48.0, 48.0, 194.7);
INSERT INTO "cmap____20110111" VALUES(' B-47-M ', 221, 16, 1, -48.0, 16.0, 194.7);
INSERT INTO "cmap____20110111" VALUES(' B-47-B ', 221, 16, 2, -48.0, -16.0, 194.7);
INSERT INTO "cmap____20110111" VALUES(' B-48-T ', 221, 16, 3, -48.0, 48.0, 207.7);
INSERT INTO "cmap____20110111" VALUES(' B-48-M ', 221, 16, 4, -48.0, 16.0, 207.7);
INSERT INTO "cmap____20110111" VALUES(' B-48-B ', 221, 16, 5, -48.0, -16.0, 207.7);
INSERT INTO "cmap____20110111" VALUES(' B-49-T ', 221, 16, 6, -48.0, 48.0, 220.7);
INSERT INTO "cmap____20110111" VALUES(' B-49-M ', 221, 16, 7, -48.0, 16.0, 220.7);
INSERT INTO "cmap____20110111" VALUES(' B-49-B ', 221, 16, 8, -48.0, -16.0, 220.7);
INSERT INTO "cmap____20110111" VALUES(' B-50-T ', 221, 16, 9, -48.0, 48.0, 233.7);
INSERT INTO "cmap____20110111" VALUES(' B-50-M ', 221, 16, 10, -48.0, 16.0, 233.7);
INSERT INTO "cmap____20110111" VALUES(' B-50-B ', 221, 16, 11, -48.0, -16.0, 233.7);
INSERT INTO "cmap____20110111" VALUES(' B-51-T ', 221, 17, 0, -48.0, 48.0, 246.7);
INSERT INTO "cmap____20110111" VALUES(' B-51-M ', 221, 17, 1, -48.0, 16.0, 246.7);
INSERT INTO "cmap____20110111" VALUES(' B-51-B ', 221, 17, 2, -48.0, -16.0, 246.7);
INSERT INTO "cmap____20110111" VALUES(' B-52-T ', 221, 17, 3, -48.0, 48.0, 259.7);
INSERT INTO "cmap____20110111" VALUES(' B-52-M ', 221, 17, 4, -48.0, 16.0, 259.7);
INSERT INTO "cmap____20110111" VALUES(' B-52-B ', 221, 17, 5, -48.0, -16.0, 259.7);
CREATE TABLE cmap____20111104 (label VARCHAR(8), crate INT, slot INT, dcon INT, x DOUBLE, y DOUBLE, z DOUBLE, primary key (label), unique (crate,slot,dcon), unique (x,y,z));
INSERT INTO "cmap____20111104" VALUES(' A-01-T ', 220, 4, 0, 48.0, 16.0, 0.00);
INSERT INTO "cmap____20111104" VALUES(' A-01-M ', 220, 4, 1, 48.0, -16.0, 0.00);
INSERT INTO "cmap____20111104" VALUES(' A-01-B ', 220, 4, 2, 48.0, -48.0, 0.00);
INSERT INTO "cmap____20111104" VALUES(' A-02-T ', 220, 4, 3, 48.0, 16.0, 2.54);
INSERT INTO "cmap____20111104" VALUES(' A-02-M ', 220, 4, 4, 48.0, -16.0, 2.54);
INSERT INTO "cmap____20111104" VALUES(' A-02-B ', 220, 4, 5, 48.0, -48.0, 2.54);
INSERT INTO "cmap____20111104" VALUES(' A-03-T ', 220, 4, 6, 48.0, 16.0, 5.08);
INSERT INTO "cmap____20111104" VALUES(' A-03-M ', 220, 4, 7, 48.0, -16.0, 5.08);
INSERT INTO "cmap____20111104" VALUES(' A-03-B ', 220, 4, 8, 48.0, -48.0, 5.08);
INSERT INTO "cmap____20111104" VALUES(' A-04-T ', 220, 4, 9, 48.0, 16.0, 7.62);
INSERT INTO "cmap____20111104" VALUES(' A-04-M ', 220, 4, 10, 48.0, -16.0, 7.62);
INSERT INTO "cmap____20111104" VALUES(' A-04-B ', 220, 4, 11, 48.0, -48.0, 7.62);
INSERT INTO "cmap____20111104" VALUES(' A-05-T ', 220, 5, 0, 48.0, 16.0, 10.16);
INSERT INTO "cmap____20111104" VALUES(' A-05-M ', 220, 5, 1, 48.0, -16.0, 10.16);
INSERT INTO "cmap____20111104" VALUES(' A-05-B ', 220, 5, 2, 48.0, -48.0, 10.16);
INSERT INTO "cmap____20111104" VALUES(' A-06-T ', 220, 5, 3, 48.0, 16.0, 12.7);
INSERT INTO "cmap____20111104" VALUES(' A-06-M ', 220, 5, 4, 48.0, -16.0, 12.7);
INSERT INTO "cmap____20111104" VALUES(' A-06-B ', 220, 5, 5, 48.0, -48.0, 12.7);
INSERT INTO "cmap____20111104" VALUES(' A-07-T ', 220, 5, 6, 48.0, 16.0, 15.24);
INSERT INTO "cmap____20111104" VALUES(' A-07-M ', 220, 5, 7, 48.0, -16.0, 15.24);
INSERT INTO "cmap____20111104" VALUES(' A-07-B ', 220, 5, 8, 48.0, -48.0, 15.24);
INSERT INTO "cmap____20111104" VALUES(' A-08-T ', 220, 5, 9, 48.0, 16.0, 17.78);
INSERT INTO "cmap____20111104" VALUES(' A-08-M ', 220, 5, 10, 48.0, -16.0, 17.78);
INSERT INTO "cmap____20111104" VALUES(' A-08-B ', 220, 5, 11, 48.0, -48.0, 17.78);
INSERT INTO "cmap____20111104" VALUES(' A-09-T ', 220, 6, 0, 48.0, 16.0, 20.32);
INSERT INTO "cmap____20111104" VALUES(' A-09-M ', 220, 6, 1, 48.0, -16.0, 20.32);
INSERT INTO "cmap____20111104" VALUES(' A-09-B ', 220, 6, 2, 48.0, -48.0, 20.32);
INSERT INTO "cmap____20111104" VALUES(' A-10-T ', 220, 6, 3, 48.0, 16.0, 22.86);
INSERT INTO "cmap____20111104" VALUES(' A-10-M ', 220, 6, 4, 48.0, -16.0, 22.86);
INSERT INTO "cmap____20111104" VALUES(' A-10-B ', 220, 6, 5, 48.0, -48.0, 22.86);
INSERT INTO "cmap____20111104" VALUES(' A-11-T ', 220, 6, 6, 48.0, 16.0, 25.4);
INSERT INTO "cmap____20111104" VALUES(' A-11-M ', 220, 6, 7, 48.0, -16.0, 25.4);
INSERT INTO "cmap____20111104" VALUES(' A-11-B ', 220, 6, 8, 48.0, -48.0, 25.4);
INSERT INTO "cmap____20111104" VALUES(' A-12-T ', 220, 6, 9, 48.0, 16.0, 27.94);
INSERT INTO "cmap____20111104" VALUES(' A-12-M ', 220, 6, 10, 48.0, -16.0, 27.94);
INSERT INTO "cmap____20111104" VALUES(' A-12-B ', 220, 6, 11, 48.0, -48.0, 27.94);
INSERT INTO "cmap____20111104" VALUES(' A-13-T ', 220, 7, 0, 48.0, 16.0, 30.48);
INSERT INTO "cmap____20111104" VALUES(' A-13-M ', 220, 7, 1, 48.0, -16.0, 30.48);
INSERT INTO "cmap____20111104" VALUES(' A-13-B ', 220, 7, 2, 48.0, -48.0, 30.48);
INSERT INTO "cmap____20111104" VALUES(' A-14-T ', 220, 7, 3, 48.0, 16.0, 33.02);
INSERT INTO "cmap____20111104" VALUES(' A-14-M ', 220, 7, 4, 48.0, -16.0, 33.02);
INSERT INTO "cmap____20111104" VALUES(' A-14-B ', 220, 7, 5, 48.0, -48.0, 33.02);
INSERT INTO "cmap____20111104" VALUES(' A-15-T ', 220, 7, 6, 48.0, 16.0, 35.56);
INSERT INTO "cmap____20111104" VALUES(' A-15-M ', 220, 7, 7, 48.0, -16.0, 35.56);
INSERT INTO "cmap____20111104" VALUES(' A-15-B ', 220, 7, 8, 48.0, -48.0, 35.56);
INSERT INTO "cmap____20111104" VALUES(' A-16-T ', 220, 7, 9, 48.0, 16.0, 38.1);
INSERT INTO "cmap____20111104" VALUES(' A-16-M ', 220, 7, 10, 48.0, -16.0, 38.1);
INSERT INTO "cmap____20111104" VALUES(' A-16-B ', 220, 7, 11, 48.0, -48.0, 38.1);
INSERT INTO "cmap____20111104" VALUES(' A-17-T ', 220, 8, 0, 48.0, 16.0, 40.64);
INSERT INTO "cmap____20111104" VALUES(' A-17-M ', 220, 8, 1, 48.0, -16.0, 40.64);
INSERT INTO "cmap____20111104" VALUES(' A-17-B ', 220, 8, 2, 48.0, -48.0, 40.64);
INSERT INTO "cmap____20111104" VALUES(' A-18-T ', 220, 8, 3, 48.0, 16.0, 43.18);
INSERT INTO "cmap____20111104" VALUES(' A-18-M ', 220, 8, 4, 48.0, -16.0, 43.18);
INSERT INTO "cmap____20111104" VALUES(' A-18-B ', 220, 8, 5, 48.0, -48.0, 43.18);
INSERT INTO "cmap____20111104" VALUES(' A-19-T ', 220, 8, 6, 48.0, 16.0, 45.72);
INSERT INTO "cmap____20111104" VALUES(' A-19-M ', 220, 8, 7, 48.0, -16.0, 45.72);
INSERT INTO "cmap____20111104" VALUES(' A-19-B ', 220, 8, 8, 48.0, -48.0, 45.72);
INSERT INTO "cmap____20111104" VALUES(' A-20-T ', 220, 8, 9, 48.0, 16.0, 48.26);
INSERT INTO "cmap____20111104" VALUES(' A-20-M ', 220, 8, 10, 48.0, -16.0, 48.26);
INSERT INTO "cmap____20111104" VALUES(' A-20-B ', 220, 8, 11, 48.0, -48.0, 48.26);
INSERT INTO "cmap____20111104" VALUES(' A-21-T ', 220, 9, 0, 48.0, 16.0, 50.8);
INSERT INTO "cmap____20111104" VALUES(' A-21-M ', 220, 9, 1, 48.0, -16.0, 50.8);
INSERT INTO "cmap____20111104" VALUES(' A-21-B ', 220, 9, 2, 48.0, -48.0, 50.8);
INSERT INTO "cmap____20111104" VALUES(' A-22-T ', 220, 9, 3, 48.0, 16.0, 53.34);
INSERT INTO "cmap____20111104" VALUES(' A-22-M ', 220, 9, 4, 48.0, -16.0, 53.34);
INSERT INTO "cmap____20111104" VALUES(' A-22-B ', 220, 9, 5, 48.0, -48.0, 53.34);
INSERT INTO "cmap____20111104" VALUES(' A-23-T ', 220, 9, 6, 48.0, 16.0, 55.88);
INSERT INTO "cmap____20111104" VALUES(' A-23-M ', 220, 9, 7, 48.0, -16.0, 55.88);
INSERT INTO "cmap____20111104" VALUES(' A-23-B ', 220, 9, 8, 48.0, -48.0, 55.88);
INSERT INTO "cmap____20111104" VALUES(' A-24-T ', 220, 9, 9, 48.0, 16.0, 58.42);
INSERT INTO "cmap____20111104" VALUES(' A-24-M ', 220, 9, 10, 48.0, -16.0, 58.42);
INSERT INTO "cmap____20111104" VALUES(' A-24-B ', 220, 9, 11, 48.0, -48.0, 58.42);
INSERT INTO "cmap____20111104" VALUES(' A-25-T ', 220, 10, 0, 48.0, 16.0, 60.96);
INSERT INTO "cmap____20111104" VALUES(' A-25-M ', 220, 10, 1, 48.0, -16.0, 60.96);
INSERT INTO "cmap____20111104" VALUES(' A-25-B ', 220, 10, 2, 48.0, -48.0, 60.96);
INSERT INTO "cmap____20111104" VALUES(' A-26-T ', 220, 10, 3, 48.0, 16.0, 63.5);
INSERT INTO "cmap____20111104" VALUES(' A-26-M ', 220, 10, 4, 48.0, -16.0, 63.5);
INSERT INTO "cmap____20111104" VALUES(' A-26-B ', 220, 10, 5, 48.0, -48.0, 63.5);
INSERT INTO "cmap____20111104" VALUES(' A-27-T ', 220, 10, 6, 48.0, 16.0, 66.04);
INSERT INTO "cmap____20111104" VALUES(' A-27-M ', 220, 10, 7, 48.0, -16.0, 66.04);
INSERT INTO "cmap____20111104" VALUES(' A-27-B ', 220, 10, 8, 48.0, -48.0, 66.04);
INSERT INTO "cmap____20111104" VALUES(' A-28-T ', 220, 10, 9, 48.0, 16.0, 68.58);
INSERT INTO "cmap____20111104" VALUES(' A-28-M ', 220, 10, 10, 48.0, -16.0, 68.58);
INSERT INTO "cmap____20111104" VALUES(' A-28-B ', 220, 10, 11, 48.0, -48.0, 68.58);
INSERT INTO "cmap____20111104" VALUES(' A-29-T ', 220, 11, 0, 48.0, 16.0, 71.12);
INSERT INTO "cmap____20111104" VALUES(' A-29-M ', 220, 11, 1, 48.0, -16.0, 71.12);
INSERT INTO "cmap____20111104" VALUES(' A-29-B ', 220, 11, 2, 48.0, -48.0, 71.12);
INSERT INTO "cmap____20111104" VALUES(' A-30-T ', 220, 11, 3, 48.0, 16.0, 73.66);
INSERT INTO "cmap____20111104" VALUES(' A-30-M ', 220, 11, 4, 48.0, -16.0, 73.66);
INSERT INTO "cmap____20111104" VALUES(' A-30-B ', 220, 11, 5, 48.0, -48.0, 73.66);
INSERT INTO "cmap____20111104" VALUES(' A-31-T ', 220, 11, 6, 48.0, 16.0, 76.2);
INSERT INTO "cmap____20111104" VALUES(' A-31-M ', 220, 11, 7, 48.0, -16.0, 76.2);
INSERT INTO "cmap____20111104" VALUES(' A-31-B ', 220, 11, 8, 48.0, -48.0, 76.2);
INSERT INTO "cmap____20111104" VALUES(' A-32-T ', 220, 11, 9, 48.0, 16.0, 78.74);
INSERT INTO "cmap____20111104" VALUES(' A-32-M ', 220, 11, 10, 48.0, -16.0, 78.74);
INSERT INTO "cmap____20111104" VALUES(' A-32-B ', 220, 11, 11, 48.0, -48.0, 78.74);
INSERT INTO "cmap____20111104" VALUES(' A-33-T ', 220, 12, 0, 48.0, 16.0, 81.28);
INSERT INTO "cmap____20111104" VALUES(' A-33-M ', 220, 12, 1, 48.0, -16.0, 81.28);
INSERT INTO "cmap____20111104" VALUES(' A-33-B ', 220, 12, 2, 48.0, -48.0, 81.28);
INSERT INTO "cmap____20111104" VALUES(' A-34-T ', 220, 12, 3, 48.0, 16.0, 83.82);
INSERT INTO "cmap____20111104" VALUES(' A-34-M ', 220, 12, 4, 48.0, -16.0, 83.82);
INSERT INTO "cmap____20111104" VALUES(' A-34-B ', 220, 12, 5, 48.0, -48.0, 83.82);
INSERT INTO "cmap____20111104" VALUES(' A-35-T ', 220, 12, 6, 48.0, 16.0, 86.36);
INSERT INTO "cmap____20111104" VALUES(' A-35-M ', 220, 12, 7, 48.0, -16.0, 86.36);
INSERT INTO "cmap____20111104" VALUES(' A-35-B ', 220, 12, 8, 48.0, -48.0, 86.36);
INSERT INTO "cmap____20111104" VALUES(' A-36-T ', 220, 12, 9, 48.0, 16.0, 88.9);
INSERT INTO "cmap____20111104" VALUES(' A-36-M ', 220, 12, 10, 48.0, -16.0, 88.9);
INSERT INTO "cmap____20111104" VALUES(' A-36-B ', 220, 12, 11, 48.0, -48.0, 88.9);
INSERT INTO "cmap____20111104" VALUES(' A-37-T ', 220, 13, 0, 48.0, 16.0, 91.44);
INSERT INTO "cmap____20111104" VALUES(' A-37-M ', 220, 13, 1, 48.0, -16.0, 91.44);
INSERT INTO "cmap____20111104" VALUES(' A-37-B ', 220, 13, 2, 48.0, -48.0, 91.44);
INSERT INTO "cmap____20111104" VALUES(' A-38-T ', 220, 13, 3, 48.0, 16.0, 93.98);
INSERT INTO "cmap____20111104" VALUES(' A-38-M ', 220, 13, 4, 48.0, -16.0, 93.98);
INSERT INTO "cmap____20111104" VALUES(' A-38-B ', 220, 13, 5, 48.0, -48.0, 93.98);
INSERT INTO "cmap____20111104" VALUES(' A-39-T ', 220, 13, 6, 48.0, 16.0, 96.52);
INSERT INTO "cmap____20111104" VALUES(' A-39-M ', 220, 13, 7, 48.0, -16.0, 96.52);
INSERT INTO "cmap____20111104" VALUES(' A-39-B ', 220, 13, 8, 48.0, -48.0, 96.52);
INSERT INTO "cmap____20111104" VALUES(' A-40-T ', 220, 13, 9, 48.0, 16.0, 99.06);
INSERT INTO "cmap____20111104" VALUES(' A-40-M ', 220, 13, 10, 48.0, -16.0, 99.06);
INSERT INTO "cmap____20111104" VALUES(' A-40-B ', 220, 13, 11, 48.0, -48.0, 99.06);
INSERT INTO "cmap____20111104" VALUES(' A-41-T ', 220, 14, 0, 48.0, 16.0, 101.6);
INSERT INTO "cmap____20111104" VALUES(' A-41-M ', 220, 14, 1, 48.0, -16.0, 101.6);
INSERT INTO "cmap____20111104" VALUES(' A-41-B ', 220, 14, 2, 48.0, -48.0, 101.6);
INSERT INTO "cmap____20111104" VALUES(' A-42-T ', 220, 14, 3, 48.0, 16.0, 104.14);
INSERT INTO "cmap____20111104" VALUES(' A-42-M ', 220, 14, 4, 48.0, -16.0, 104.14);
INSERT INTO "cmap____20111104" VALUES(' A-42-B ', 220, 14, 5, 48.0, -48.0, 104.14);
INSERT INTO "cmap____20111104" VALUES(' A-43-T ', 220, 14, 6, 48.0, 16.0, 106.68);
INSERT INTO "cmap____20111104" VALUES(' A-43-M ', 220, 14, 7, 48.0, -16.0, 106.68);
INSERT INTO "cmap____20111104" VALUES(' A-43-B ', 220, 14, 8, 48.0, -48.0, 106.68);
INSERT INTO "cmap____20111104" VALUES(' A-44-T ', 220, 14, 9, 48.0, 16.0, 109.22);
INSERT INTO "cmap____20111104" VALUES(' A-44-M ', 220, 14, 10, 48.0, -16.0, 109.22);
INSERT INTO "cmap____20111104" VALUES(' A-44-B ', 220, 14, 11, 48.0, -48.0, 109.22);
INSERT INTO "cmap____20111104" VALUES(' A-45-T ', 220, 15, 0, 48.0, 16.0, 111.76);
INSERT INTO "cmap____20111104" VALUES(' A-45-M ', 220, 15, 1, 48.0, -16.0, 111.76);
INSERT INTO "cmap____20111104" VALUES(' A-45-B ', 220, 15, 2, 48.0, -48.0, 111.76);
INSERT INTO "cmap____20111104" VALUES(' A-46-T ', 220, 15, 3, 48.0, 16.0, 114.3);
INSERT INTO "cmap____20111104" VALUES(' A-46-M ', 220, 15, 4, 48.0, -16.0, 114.3);
INSERT INTO "cmap____20111104" VALUES(' A-46-B ', 220, 15, 5, 48.0, -48.0, 114.3);
INSERT INTO "cmap____20111104" VALUES(' A-47-T ', 220, 15, 6, 48.0, 16.0, 116.84);
INSERT INTO "cmap____20111104" VALUES(' A-47-M ', 220, 15, 7, 48.0, -16.0, 116.84);
INSERT INTO "cmap____20111104" VALUES(' A-47-B ', 220, 15, 8, 48.0, -48.0, 116.84);
INSERT INTO "cmap____20111104" VALUES(' A-48-T ', 220, 15, 9, 48.0, 16.0, 119.38);
INSERT INTO "cmap____20111104" VALUES(' A-48-M ', 220, 15, 10, 48.0, -16.0, 119.38);
INSERT INTO "cmap____20111104" VALUES(' A-48-B ', 220, 15, 11, 48.0, -48.0, 119.38);
INSERT INTO "cmap____20111104" VALUES(' A-49-T ', 220, 16, 0, 48.0, 16.0, 121.92);
INSERT INTO "cmap____20111104" VALUES(' A-49-M ', 220, 16, 1, 48.0, -16.0, 121.92);
INSERT INTO "cmap____20111104" VALUES(' A-49-B ', 220, 16, 2, 48.0, -48.0, 121.92);
INSERT INTO "cmap____20111104" VALUES(' A-50-T ', 220, 16, 3, 48.0, 16.0, 124.46);
INSERT INTO "cmap____20111104" VALUES(' A-50-M ', 220, 16, 4, 48.0, -16.0, 124.46);
INSERT INTO "cmap____20111104" VALUES(' A-50-B ', 220, 16, 5, 48.0, -48.0, 124.46);

INSERT INTO "cmap____20111104" VALUES(' B-01-T ', 221, 4, 0, -48.0, 48.0, 0.00);
INSERT INTO "cmap____20111104" VALUES(' B-01-M ', 221, 4, 1, -48.0, 16.0, 0.00);
INSERT INTO "cmap____20111104" VALUES(' B-01-B ', 221, 4, 2, -48.0, -16.0, 0.00);
INSERT INTO "cmap____20111104" VALUES(' B-02-T ', 221, 4, 3, -48.0, 48.0, 2.54);
INSERT INTO "cmap____20111104" VALUES(' B-02-M ', 221, 4, 4, -48.0, 16.0, 2.54);
INSERT INTO "cmap____20111104" VALUES(' B-02-B ', 221, 4, 5, -48.0, -16.0, 2.54);
INSERT INTO "cmap____20111104" VALUES(' B-03-T ', 221, 4, 6, -48.0, 48.0, 5.08);
INSERT INTO "cmap____20111104" VALUES(' B-03-M ', 221, 4, 7, -48.0, 16.0, 5.08);
INSERT INTO "cmap____20111104" VALUES(' B-03-B ', 221, 4, 8, -48.0, -16.0, 5.08);
INSERT INTO "cmap____20111104" VALUES(' B-04-T ', 221, 4, 9, -48.0, 48.0, 7.62);
INSERT INTO "cmap____20111104" VALUES(' B-04-M ', 221, 4, 10, -48.0, 16.0, 7.62);
INSERT INTO "cmap____20111104" VALUES(' B-04-B ', 221, 4, 11, -48.0, -16.0, 7.62);
INSERT INTO "cmap____20111104" VALUES(' B-05-T ', 221, 5, 0, -48.0, 48.0, 10.16);
INSERT INTO "cmap____20111104" VALUES(' B-05-M ', 221, 5, 1, -48.0, 16.0, 10.16);
INSERT INTO "cmap____20111104" VALUES(' B-05-B ', 221, 5, 2, -48.0, -16.0, 10.16);
INSERT INTO "cmap____20111104" VALUES(' B-06-T ', 221, 5, 3, -48.0, 48.0, 12.7);
INSERT INTO "cmap____20111104" VALUES(' B-06-M ', 221, 5, 4, -48.0, 16.0, 12.7);
INSERT INTO "cmap____20111104" VALUES(' B-06-B ', 221, 5, 5, -48.0, -16.0, 12.7);
INSERT INTO "cmap____20111104" VALUES(' B-07-T ', 221, 5, 6, -48.0, 48.0, 15.24);
INSERT INTO "cmap____20111104" VALUES(' B-07-M ', 221, 5, 7, -48.0, 16.0, 15.24);
INSERT INTO "cmap____20111104" VALUES(' B-07-B ', 221, 5, 8, -48.0, -16.0, 15.24);
INSERT INTO "cmap____20111104" VALUES(' B-08-T ', 221, 5, 9, -48.0, 48.0, 17.78);
INSERT INTO "cmap____20111104" VALUES(' B-08-M ', 221, 5, 10, -48.0, 16.0, 17.78);
INSERT INTO "cmap____20111104" VALUES(' B-08-B ', 221, 5, 11, -48.0, -16.0, 17.78);
INSERT INTO "cmap____20111104" VALUES(' B-09-T ', 221, 6, 0, -48.0, 48.0, 20.32);
INSERT INTO "cmap____20111104" VALUES(' B-09-M ', 221, 6, 1, -48.0, 16.0, 20.32);
INSERT INTO "cmap____20111104" VALUES(' B-09-B ', 221, 6, 2, -48.0, -16.0, 20.32);
INSERT INTO "cmap____20111104" VALUES(' B-10-T ', 221, 6, 3, -48.0, 48.0, 22.86);
INSERT INTO "cmap____20111104" VALUES(' B-10-M ', 221, 6, 4, -48.0, 16.0, 22.86);
INSERT INTO "cmap____20111104" VALUES(' B-10-B ', 221, 6, 5, -48.0, -16.0, 22.86);
INSERT INTO "cmap____20111104" VALUES(' B-11-T ', 221, 6, 6, -48.0, 48.0, 25.4);
INSERT INTO "cmap____20111104" VALUES(' B-11-M ', 221, 6, 7, -48.0, 16.0, 25.4);
INSERT INTO "cmap____20111104" VALUES(' B-11-B ', 221, 6, 8, -48.0, -16.0, 25.4);
INSERT INTO "cmap____20111104" VALUES(' B-12-T ', 221, 6, 9, -48.0, 48.0, 27.94);
INSERT INTO "cmap____20111104" VALUES(' B-12-M ', 221, 6, 10, -48.0, 16.0, 27.94);
INSERT INTO "cmap____20111104" VALUES(' B-12-B ', 221, 6, 11, -48.0, -16.0, 27.94);
INSERT INTO "cmap____20111104" VALUES(' B-13-T ', 221, 7, 0, -48.0, 48.0, 30.48);
INSERT INTO "cmap____20111104" VALUES(' B-13-M ', 221, 7, 1, -48.0, 16.0, 30.48);
INSERT INTO "cmap____20111104" VALUES(' B-13-B ', 221, 7, 2, -48.0, -16.0, 30.48);
INSERT INTO "cmap____20111104" VALUES(' B-14-T ', 221, 7, 3, -48.0, 48.0, 33.02);
INSERT INTO "cmap____20111104" VALUES(' B-14-M ', 221, 7, 4, -48.0, 16.0, 33.02);
INSERT INTO "cmap____20111104" VALUES(' B-14-B ', 221, 7, 5, -48.0, -16.0, 33.02);
INSERT INTO "cmap____20111104" VALUES(' B-15-T ', 221, 7, 6, -48.0, 48.0, 35.56);
INSERT INTO "cmap____20111104" VALUES(' B-15-M ', 221, 7, 7, -48.0, 16.0, 35.56);
INSERT INTO "cmap____20111104" VALUES(' B-15-B ', 221, 7, 8, -48.0, -16.0, 35.56);
INSERT INTO "cmap____20111104" VALUES(' B-16-T ', 221, 7, 9, -48.0, 48.0, 38.1);
INSERT INTO "cmap____20111104" VALUES(' B-16-M ', 221, 7, 10, -48.0, 16.0, 38.1);
INSERT INTO "cmap____20111104" VALUES(' B-16-B ', 221, 7, 11, -48.0, -16.0, 38.1);
INSERT INTO "cmap____20111104" VALUES(' B-17-T ', 221, 8, 0, -48.0, 48.0, 40.64);
INSERT INTO "cmap____20111104" VALUES(' B-17-M ', 221, 8, 1, -48.0, 16.0, 40.64);
INSERT INTO "cmap____20111104" VALUES(' B-17-B ', 221, 8, 2, -48.0, -16.0, 40.64);
INSERT INTO "cmap____20111104" VALUES(' B-18-T ', 221, 8, 3, -48.0, 48.0, 43.18);
INSERT INTO "cmap____20111104" VALUES(' B-18-M ', 221, 8, 4, -48.0, 16.0, 43.18);
INSERT INTO "cmap____20111104" VALUES(' B-18-B ', 221, 8, 5, -48.0, -16.0, 43.18);
INSERT INTO "cmap____20111104" VALUES(' B-19-T ', 221, 8, 6, -48.0, 48.0, 45.72);
INSERT INTO "cmap____20111104" VALUES(' B-19-M ', 221, 8, 7, -48.0, 16.0, 45.72);
INSERT INTO "cmap____20111104" VALUES(' B-19-B ', 221, 8, 8, -48.0, -16.0, 45.72);
INSERT INTO "cmap____20111104" VALUES(' B-20-T ', 221, 8, 9, -48.0, 48.0, 48.26);
INSERT INTO "cmap____20111104" VALUES(' B-20-M ', 221, 8, 10, -48.0, 16.0, 48.26);
INSERT INTO "cmap____20111104" VALUES(' B-20-B ', 221, 8, 11, -48.0, -16.0, 48.26);
INSERT INTO "cmap____20111104" VALUES(' B-21-T ', 221, 9, 0, -48.0, 48.0, 50.8);
INSERT INTO "cmap____20111104" VALUES(' B-21-M ', 221, 9, 1, -48.0, 16.0, 50.8);
INSERT INTO "cmap____20111104" VALUES(' B-21-B ', 221, 9, 2, -48.0, -16.0, 50.8);
INSERT INTO "cmap____20111104" VALUES(' B-22-T ', 221, 9, 3, -48.0, 48.0, 53.34);
INSERT INTO "cmap____20111104" VALUES(' B-22-M ', 221, 9, 4, -48.0, 16.0, 53.34);
INSERT INTO "cmap____20111104" VALUES(' B-22-B ', 221, 9, 5, -48.0, -16.0, 53.34);
INSERT INTO "cmap____20111104" VALUES(' B-23-T ', 221, 9, 6, -48.0, 48.0, 55.88);
INSERT INTO "cmap____20111104" VALUES(' B-23-M ', 221, 9, 7, -48.0, 16.0, 55.88);
INSERT INTO "cmap____20111104" VALUES(' B-23-B ', 221, 9, 8, -48.0, -16.0, 55.88);
INSERT INTO "cmap____20111104" VALUES(' B-24-T ', 221, 9, 9, -48.0, 48.0, 58.42);
INSERT INTO "cmap____20111104" VALUES(' B-24-M ', 221, 9, 10, -48.0, 16.0, 58.42);
INSERT INTO "cmap____20111104" VALUES(' B-24-B ', 221, 9, 11, -48.0, -16.0, 58.42);
INSERT INTO "cmap____20111104" VALUES(' B-25-T ', 221, 10, 0, -48.0, 48.0, 60.96);
INSERT INTO "cmap____20111104" VALUES(' B-25-M ', 221, 10, 1, -48.0, 16.0, 60.96);
INSERT INTO "cmap____20111104" VALUES(' B-25-B ', 221, 10, 2, -48.0, -16.0, 60.96);
INSERT INTO "cmap____20111104" VALUES(' B-26-T ', 221, 10, 3, -48.0, 48.0, 63.5);
INSERT INTO "cmap____20111104" VALUES(' B-26-M ', 221, 10, 4, -48.0, 16.0, 63.5);
INSERT INTO "cmap____20111104" VALUES(' B-26-B ', 221, 10, 5, -48.0, -16.0, 63.5);
INSERT INTO "cmap____20111104" VALUES(' B-27-T ', 221, 10, 6, -48.0, 48.0, 66.04);
INSERT INTO "cmap____20111104" VALUES(' B-27-M ', 221, 10, 7, -48.0, 16.0, 66.04);
INSERT INTO "cmap____20111104" VALUES(' B-27-B ', 221, 10, 8, -48.0, -16.0, 66.04);
INSERT INTO "cmap____20111104" VALUES(' B-28-T ', 221, 10, 9, -48.0, 48.0, 68.58);
INSERT INTO "cmap____20111104" VALUES(' B-28-M ', 221, 10, 10, -48.0, 16.0, 68.58);
INSERT INTO "cmap____20111104" VALUES(' B-28-B ', 221, 10, 11, -48.0, -16.0, 68.58);
INSERT INTO "cmap____20111104" VALUES(' B-29-T ', 221, 11, 0, -48.0, 48.0, 71.12);
INSERT INTO "cmap____20111104" VALUES(' B-29-M ', 221, 11, 1, -48.0, 16.0, 71.12);
INSERT INTO "cmap____20111104" VALUES(' B-29-B ', 221, 11, 2, -48.0, -16.0, 71.12);
INSERT INTO "cmap____20111104" VALUES(' B-30-T ', 221, 11, 3, -48.0, 48.0, 73.66);
INSERT INTO "cmap____20111104" VALUES(' B-30-M ', 221, 11, 4, -48.0, 16.0, 73.66);
INSERT INTO "cmap____20111104" VALUES(' B-30-B ', 221, 11, 5, -48.0, -16.0, 73.66);
INSERT INTO "cmap____20111104" VALUES(' B-31-T ', 221, 11, 6, -48.0, 48.0, 76.2);
INSERT INTO "cmap____20111104" VALUES(' B-31-M ', 221, 11, 7, -48.0, 16.0, 76.2);
INSERT INTO "cmap____20111104" VALUES(' B-31-B ', 221, 11, 8, -48.0, -16.0, 76.2);
INSERT INTO "cmap____20111104" VALUES(' B-32-T ', 221, 11, 9, -48.0, 48.0, 78.74);
INSERT INTO "cmap____20111104" VALUES(' B-32-M ', 221, 11, 10, -48.0, 16.0, 78.74);
INSERT INTO "cmap____20111104" VALUES(' B-32-B ', 221, 11, 11, -48.0, -16.0, 78.74);
INSERT INTO "cmap____20111104" VALUES(' B-33-T ', 221, 12, 0, -48.0, 48.0, 81.28);
INSERT INTO "cmap____20111104" VALUES(' B-33-M ', 221, 12, 1, -48.0, 16.0, 81.28);
INSERT INTO "cmap____20111104" VALUES(' B-33-B ', 221, 12, 2, -48.0, -16.0, 81.28);
INSERT INTO "cmap____20111104" VALUES(' B-34-T ', 221, 12, 3, -48.0, 48.0, 83.82);
INSERT INTO "cmap____20111104" VALUES(' B-34-M ', 221, 12, 4, -48.0, 16.0, 83.82);
INSERT INTO "cmap____20111104" VALUES(' B-34-B ', 221, 12, 5, -48.0, -16.0, 83.82);
INSERT INTO "cmap____20111104" VALUES(' B-35-T ', 221, 12, 6, -48.0, 48.0, 86.36);
INSERT INTO "cmap____20111104" VALUES(' B-35-M ', 221, 12, 7, -48.0, 16.0, 86.36);
INSERT INTO "cmap____20111104" VALUES(' B-35-B ', 221, 12, 8, -48.0, -16.0, 86.36);
INSERT INTO "cmap____20111104" VALUES(' B-36-T ', 221, 12, 9, -48.0, 48.0, 88.9);
INSERT INTO "cmap____20111104" VALUES(' B-36-M ', 221, 12, 10, -48.0, 16.0, 88.9);
INSERT INTO "cmap____20111104" VALUES(' B-36-B ', 221, 12, 11, -48.0, -16.0, 88.9);
INSERT INTO "cmap____20111104" VALUES(' B-37-T ', 221, 13, 0, -48.0, 48.0, 91.44);
INSERT INTO "cmap____20111104" VALUES(' B-37-M ', 221, 13, 1, -48.0, 16.0, 91.44);
INSERT INTO "cmap____20111104" VALUES(' B-37-B ', 221, 13, 2, -48.0, -16.0, 91.44);
INSERT INTO "cmap____20111104" VALUES(' B-38-T ', 221, 13, 3, -48.0, 48.0, 93.98);
INSERT INTO "cmap____20111104" VALUES(' B-38-M ', 221, 13, 4, -48.0, 16.0, 93.98);
INSERT INTO "cmap____20111104" VALUES(' B-38-B ', 221, 13, 5, -48.0, -16.0, 93.98);
INSERT INTO "cmap____20111104" VALUES(' B-39-T ', 221, 13, 6, -48.0, 48.0, 96.52);
INSERT INTO "cmap____20111104" VALUES(' B-39-M ', 221, 13, 7, -48.0, 16.0, 96.52);
INSERT INTO "cmap____20111104" VALUES(' B-39-B ', 221, 13, 8, -48.0, -16.0, 96.52);
INSERT INTO "cmap____20111104" VALUES(' B-40-T ', 221, 13, 9, -48.0, 48.0, 99.06);
INSERT INTO "cmap____20111104" VALUES(' B-40-M ', 221, 13, 10, -48.0, 16.0, 99.06);
INSERT INTO "cmap____20111104" VALUES(' B-40-B ', 221, 13, 11, -48.0, -16.0, 99.06);
INSERT INTO "cmap____20111104" VALUES(' B-41-T ', 221, 14, 0, -48.0, 48.0, 101.6);
INSERT INTO "cmap____20111104" VALUES(' B-41-M ', 221, 14, 1, -48.0, 16.0, 101.6);
INSERT INTO "cmap____20111104" VALUES(' B-41-B ', 221, 14, 2, -48.0, -16.0, 101.6);
INSERT INTO "cmap____20111104" VALUES(' B-42-T ', 221, 14, 3, -48.0, 48.0, 104.14);
INSERT INTO "cmap____20111104" VALUES(' B-42-M ', 221, 14, 4, -48.0, 16.0, 104.14);
INSERT INTO "cmap____20111104" VALUES(' B-42-B ', 221, 14, 5, -48.0, -16.0, 104.14);
INSERT INTO "cmap____20111104" VALUES(' B-43-T ', 221, 14, 6, -48.0, 48.0, 106.68);
INSERT INTO "cmap____20111104" VALUES(' B-43-M ', 221, 14, 7, -48.0, 16.0, 106.68);
INSERT INTO "cmap____20111104" VALUES(' B-43-B ', 221, 14, 8, -48.0, -16.0, 106.68);
INSERT INTO "cmap____20111104" VALUES(' B-44-T ', 221, 14, 9, -48.0, 48.0, 109.22);
INSERT INTO "cmap____20111104" VALUES(' B-44-M ', 221, 14, 10, -48.0, 16.0, 109.22);
INSERT INTO "cmap____20111104" VALUES(' B-44-B ', 221, 14, 11, -48.0, -16.0, 109.22);
INSERT INTO "cmap____20111104" VALUES(' B-45-T ', 221, 15, 0, -48.0, 48.0, 111.76);
INSERT INTO "cmap____20111104" VALUES(' B-45-M ', 221, 15, 1, -48.0, 16.0, 111.76);
INSERT INTO "cmap____20111104" VALUES(' B-45-B ', 221, 15, 2, -48.0, -16.0, 111.76);
INSERT INTO "cmap____20111104" VALUES(' B-46-T ', 221, 15, 3, -48.0, 48.0, 114.3);
INSERT INTO "cmap____20111104" VALUES(' B-46-M ', 221, 15, 4, -48.0, 16.0, 114.3);
INSERT INTO "cmap____20111104" VALUES(' B-46-B ', 221, 15, 5, -48.0, -16.0, 114.3);
INSERT INTO "cmap____20111104" VALUES(' B-47-T ', 221, 15, 6, -48.0, 48.0, 116.84);
INSERT INTO "cmap____20111104" VALUES(' B-47-M ', 221, 15, 7, -48.0, 16.0, 116.84);
INSERT INTO "cmap____20111104" VALUES(' B-47-B ', 221, 15, 8, -48.0, -16.0, 116.84);
INSERT INTO "cmap____20111104" VALUES(' B-48-T ', 221, 15, 9, -48.0, 48.0, 119.38);
INSERT INTO "cmap____20111104" VALUES(' B-48-M ', 221, 15, 10, -48.0, 16.0, 119.38);
INSERT INTO "cmap____20111104" VALUES(' B-48-B ', 221, 15, 11, -48.0, -16.0, 119.38);
INSERT INTO "cmap____20111104" VALUES(' B-49-T ', 221, 16, 0, -48.0, 48.0, 121.92);
INSERT INTO "cmap____20111104" VALUES(' B-49-M ', 221, 16, 1, -48.0, 16.0, 121.92);
INSERT INTO "cmap____20111104" VALUES(' B-49-B ', 221, 16, 2, -48.0, -16.0, 121.92);
INSERT INTO "cmap____20111104" VALUES(' B-50-T ', 221, 16, 3, -48.0, 48.0, 124.46);
INSERT INTO "cmap____20111104" VALUES(' B-50-M ', 221, 16, 4, -48.0, 16.0, 124.46);
INSERT INTO "cmap____20111104" VALUES(' B-50-B ', 221, 16, 5, -48.0, -16.0, 124.46);

CREATE TABLE cmap____20121205 (label VARCHAR(8), crate INT, slot INT, dcon INT, x DOUBLE, y DOUBLE, z DOUBLE, primary key (label), unique (crate,slot,dcon), unique (x,y,z));
INSERT INTO "cmap____20121205" VALUES(' A-01-T ', 220, 4, 0, 48.0, 16.0, 0.00);
INSERT INTO "cmap____20121205" VALUES(' A-01-M ', 220, 4, 1, 48.0, -16.0, 0.00);
INSERT INTO "cmap____20121205" VALUES(' A-01-B ', 220, 4, 2, 48.0, -48.0, 0.00);
INSERT INTO "cmap____20121205" VALUES(' A-02-T ', 220, 4, 3, 48.0, 16.0, 2.7);
INSERT INTO "cmap____20121205" VALUES(' A-02-M ', 220, 4, 4, 48.0, -16.0, 2.7);
INSERT INTO "cmap____20121205" VALUES(' A-02-B ', 220, 4, 5, 48.0, -48.0, 2.7);
INSERT INTO "cmap____20121205" VALUES(' A-03-T ', 220, 4, 6, 48.0, 16.0, 5.4);
INSERT INTO "cmap____20121205" VALUES(' A-03-M ', 220, 4, 7, 48.0, -16.0, 5.4);
INSERT INTO "cmap____20121205" VALUES(' A-03-B ', 220, 4, 8, 48.0, -48.0, 5.4);
INSERT INTO "cmap____20121205" VALUES(' A-04-T ', 220, 4, 9, 48.0, 16.0, 8.1);
INSERT INTO "cmap____20121205" VALUES(' A-04-M ', 220, 4, 10, 48.0, -16.0, 8.1);
INSERT INTO "cmap____20121205" VALUES(' A-04-B ', 220, 4, 11, 48.0, -48.0, 8.1);
INSERT INTO "cmap____20121205" VALUES(' A-05-T ', 220, 5, 0, 48.0, 16.0, 10.8);
INSERT INTO "cmap____20121205" VALUES(' A-05-M ', 220, 5, 1, 48.0, -16.0, 10.8);
INSERT INTO "cmap____20121205" VALUES(' A-05-B ', 220, 5, 2, 48.0, -48.0, 10.8);
INSERT INTO "cmap____20121205" VALUES(' A-06-T ', 220, 5, 3, 48.0, 16.0, 13.5);
INSERT INTO "cmap____20121205" VALUES(' A-06-M ', 220, 5, 4, 48.0, -16.0, 13.5);
INSERT INTO "cmap____20121205" VALUES(' A-06-B ', 220, 5, 5, 48.0, -48.0, 13.5);
INSERT INTO "cmap____20121205" VALUES(' A-07-T ', 220, 5, 6, 48.0, 16.0, 16.2);
INSERT INTO "cmap____20121205" VALUES(' A-07-M ', 220, 5, 7, 48.0, -16.0, 16.2);
INSERT INTO "cmap____20121205" VALUES(' A-07-B ', 220, 5, 8, 48.0, -48.0, 16.2);
INSERT INTO "cmap____20121205" VALUES(' A-08-T ', 220, 5, 9, 48.0, 16.0, 18.9);
INSERT INTO "cmap____20121205" VALUES(' A-08-M ', 220, 5, 10, 48.0, -16.0, 18.9);
INSERT INTO "cmap____20121205" VALUES(' A-08-B ', 220, 5, 11, 48.0, -48.0, 18.9);
INSERT INTO "cmap____20121205" VALUES(' A-09-T ', 220, 6, 0, 48.0, 16.0, 21.6);
INSERT INTO "cmap____20121205" VALUES(' A-09-M ', 220, 6, 1, 48.0, -16.0, 21.6);
INSERT INTO "cmap____20121205" VALUES(' A-09-B ', 220, 6, 2, 48.0, -48.0, 21.6);
INSERT INTO "cmap____20121205" VALUES(' A-10-T ', 220, 6, 3, 48.0, 16.0, 24.3);
INSERT INTO "cmap____20121205" VALUES(' A-10-M ', 220, 6, 4, 48.0, -16.0, 24.3);
INSERT INTO "cmap____20121205" VALUES(' A-10-B ', 220, 6, 5, 48.0, -48.0, 24.3);
INSERT INTO "cmap____20121205" VALUES(' A-11-T ', 220, 6, 6, 48.0, 16.0, 27.0);
INSERT INTO "cmap____20121205" VALUES(' A-11-M ', 220, 6, 7, 48.0, -16.0, 27.0);
INSERT INTO "cmap____20121205" VALUES(' A-11-B ', 220, 6, 8, 48.0, -48.0, 27.0);
INSERT INTO "cmap____20121205" VALUES(' A-12-T ', 220, 6, 9, 48.0, 16.0, 29.7);
INSERT INTO "cmap____20121205" VALUES(' A-12-M ', 220, 6, 10, 48.0, -16.0, 29.7);
INSERT INTO "cmap____20121205" VALUES(' A-12-B ', 220, 6, 11, 48.0, -48.0, 29.7);
INSERT INTO "cmap____20121205" VALUES(' A-13-T ', 220, 7, 0, 48.0, 16.0, 32.4);
INSERT INTO "cmap____20121205" VALUES(' A-13-M ', 220, 7, 1, 48.0, -16.0, 32.4);
INSERT INTO "cmap____20121205" VALUES(' A-13-B ', 220, 7, 2, 48.0, -48.0, 32.4);
INSERT INTO "cmap____20121205" VALUES(' A-14-T ', 220, 7, 3, 48.0, 16.0, 35.1);
INSERT INTO "cmap____20121205" VALUES(' A-14-M ', 220, 7, 4, 48.0, -16.0, 35.1);
INSERT INTO "cmap____20121205" VALUES(' A-14-B ', 220, 7, 5, 48.0, -48.0, 35.1);
INSERT INTO "cmap____20121205" VALUES(' A-15-T ', 220, 7, 6, 48.0, 16.0, 37.8);
INSERT INTO "cmap____20121205" VALUES(' A-15-M ', 220, 7, 7, 48.0, -16.0, 37.8);
INSERT INTO "cmap____20121205" VALUES(' A-15-B ', 220, 7, 8, 48.0, -48.0, 37.8);
INSERT INTO "cmap____20121205" VALUES(' A-16-T ', 220, 7, 9, 48.0, 16.0, 40.5);
INSERT INTO "cmap____20121205" VALUES(' A-16-M ', 220, 7, 10, 48.0, -16.0, 40.5);
INSERT INTO "cmap____20121205" VALUES(' A-16-B ', 220, 7, 11, 48.0, -48.0, 40.5);
INSERT INTO "cmap____20121205" VALUES(' A-17-T ', 220, 8, 0, 48.0, 16.0, 43.2);
INSERT INTO "cmap____20121205" VALUES(' A-17-M ', 220, 8, 1, 48.0, -16.0, 43.2);
INSERT INTO "cmap____20121205" VALUES(' A-17-B ', 220, 8, 2, 48.0, -48.0, 43.2);
INSERT INTO "cmap____20121205" VALUES(' A-18-T ', 220, 8, 3, 48.0, 16.0, 45.9);
INSERT INTO "cmap____20121205" VALUES(' A-18-M ', 220, 8, 4, 48.0, -16.0, 45.9);
INSERT INTO "cmap____20121205" VALUES(' A-18-B ', 220, 8, 5, 48.0, -48.0, 45.9);
INSERT INTO "cmap____20121205" VALUES(' A-19-T ', 220, 8, 6, 48.0, 16.0, 48.6);
INSERT INTO "cmap____20121205" VALUES(' A-19-M ', 220, 8, 7, 48.0, -16.0, 48.6);
INSERT INTO "cmap____20121205" VALUES(' A-19-B ', 220, 8, 8, 48.0, -48.0, 48.6);
INSERT INTO "cmap____20121205" VALUES(' A-20-T ', 220, 8, 9, 48.0, 16.0, 51.3);
INSERT INTO "cmap____20121205" VALUES(' A-20-M ', 220, 8, 10, 48.0, -16.0, 51.3);
INSERT INTO "cmap____20121205" VALUES(' A-20-B ', 220, 8, 11, 48.0, -48.0, 51.3);
INSERT INTO "cmap____20121205" VALUES(' A-21-T ', 220, 9, 0, 48.0, 16.0, 54.0);
INSERT INTO "cmap____20121205" VALUES(' A-21-M ', 220, 9, 1, 48.0, -16.0, 54.0);
INSERT INTO "cmap____20121205" VALUES(' A-21-B ', 220, 9, 2, 48.0, -48.0, 54.0);
INSERT INTO "cmap____20121205" VALUES(' A-22-T ', 220, 9, 3, 48.0, 16.0, 56.7);
INSERT INTO "cmap____20121205" VALUES(' A-22-M ', 220, 9, 4, 48.0, -16.0, 56.7);
INSERT INTO "cmap____20121205" VALUES(' A-22-B ', 220, 9, 5, 48.0, -48.0, 56.7);
INSERT INTO "cmap____20121205" VALUES(' A-23-T ', 220, 9, 6, 48.0, 16.0, 59.4);
INSERT INTO "cmap____20121205" VALUES(' A-23-M ', 220, 9, 7, 48.0, -16.0, 59.4);
INSERT INTO "cmap____20121205" VALUES(' A-23-B ', 220, 9, 8, 48.0, -48.0, 59.4);
INSERT INTO "cmap____20121205" VALUES(' A-24-T ', 220, 9, 9, 48.0, 16.0, 62.1);
INSERT INTO "cmap____20121205" VALUES(' A-24-M ', 220, 9, 10, 48.0, -16.0, 62.1);
INSERT INTO "cmap____20121205" VALUES(' A-24-B ', 220, 9, 11, 48.0, -48.0, 62.1);
INSERT INTO "cmap____20121205" VALUES(' A-25-T ', 220, 10, 0, 48.0, 16.0, 64.8);
INSERT INTO "cmap____20121205" VALUES(' A-25-M ', 220, 10, 1, 48.0, -16.0, 64.8);
INSERT INTO "cmap____20121205" VALUES(' A-25-B ', 220, 10, 2, 48.0, -48.0, 64.8);
INSERT INTO "cmap____20121205" VALUES(' A-26-T ', 220, 10, 3, 48.0, 16.0, 67.5);
INSERT INTO "cmap____20121205" VALUES(' A-26-M ', 220, 10, 4, 48.0, -16.0, 67.5);
INSERT INTO "cmap____20121205" VALUES(' A-26-B ', 220, 10, 5, 48.0, -48.0, 67.5);
INSERT INTO "cmap____20121205" VALUES(' A-27-T ', 220, 10, 6, 48.0, 16.0, 70.2);
INSERT INTO "cmap____20121205" VALUES(' A-27-M ', 220, 10, 7, 48.0, -16.0, 70.2);
INSERT INTO "cmap____20121205" VALUES(' A-27-B ', 220, 10, 8, 48.0, -48.0, 70.2);
INSERT INTO "cmap____20121205" VALUES(' A-28-T ', 220, 10, 9, 48.0, 16.0, 72.9);
INSERT INTO "cmap____20121205" VALUES(' A-28-M ', 220, 10, 10, 48.0, -16.0, 72.9);
INSERT INTO "cmap____20121205" VALUES(' A-28-B ', 220, 10, 11, 48.0, -48.0, 72.9);
INSERT INTO "cmap____20121205" VALUES(' A-29-T ', 220, 11, 0, 48.0, 16.0, 74.76);
INSERT INTO "cmap____20121205" VALUES(' A-29-M ', 220, 11, 1, 48.0, -16.0, 74.76);
INSERT INTO "cmap____20121205" VALUES(' A-29-B ', 220, 11, 2, 48.0, -48.0, 74.76);
INSERT INTO "cmap____20121205" VALUES(' A-30-T ', 220, 11, 3, 48.0, 16.0, 77.43);
INSERT INTO "cmap____20121205" VALUES(' A-30-M ', 220, 11, 4, 48.0, -16.0, 77.43);
INSERT INTO "cmap____20121205" VALUES(' A-30-B ', 220, 11, 5, 48.0, -48.0, 77.43);
INSERT INTO "cmap____20121205" VALUES(' A-31-T ', 220, 11, 6, 48.0, 16.0, 81.0);
INSERT INTO "cmap____20121205" VALUES(' A-31-M ', 220, 11, 7, 48.0, -16.0, 81.0);
INSERT INTO "cmap____20121205" VALUES(' A-31-B ', 220, 11, 8, 48.0, -48.0, 81.0);
INSERT INTO "cmap____20121205" VALUES(' A-32-T ', 220, 11, 9, 48.0, 16.0, 83.7);
INSERT INTO "cmap____20121205" VALUES(' A-32-M ', 220, 11, 10, 48.0, -16.0, 83.7);
INSERT INTO "cmap____20121205" VALUES(' A-32-B ', 220, 11, 11, 48.0, -48.0, 83.7);
INSERT INTO "cmap____20121205" VALUES(' A-33-T ', 220, 12, 0, 48.0, 16.0, 86.4);
INSERT INTO "cmap____20121205" VALUES(' A-33-M ', 220, 12, 1, 48.0, -16.0, 86.4);
INSERT INTO "cmap____20121205" VALUES(' A-33-B ', 220, 12, 2, 48.0, -48.0, 86.4);
INSERT INTO "cmap____20121205" VALUES(' A-34-T ', 220, 12, 3, 48.0, 16.0, 89.1);
INSERT INTO "cmap____20121205" VALUES(' A-34-M ', 220, 12, 4, 48.0, -16.0, 89.1);
INSERT INTO "cmap____20121205" VALUES(' A-34-B ', 220, 12, 5, 48.0, -48.0, 89.1);
INSERT INTO "cmap____20121205" VALUES(' A-35-T ', 220, 12, 6, 48.0, 16.0, 91.8);
INSERT INTO "cmap____20121205" VALUES(' A-35-M ', 220, 12, 7, 48.0, -16.0, 91.8);
INSERT INTO "cmap____20121205" VALUES(' A-35-B ', 220, 12, 8, 48.0, -48.0, 91.8);
INSERT INTO "cmap____20121205" VALUES(' A-36-T ', 220, 12, 9, 48.0, 16.0, 94.5);
INSERT INTO "cmap____20121205" VALUES(' A-36-M ', 220, 12, 10, 48.0, -16.0, 94.5);
INSERT INTO "cmap____20121205" VALUES(' A-36-B ', 220, 12, 11, 48.0, -48.0, 94.5);
INSERT INTO "cmap____20121205" VALUES(' A-37-T ', 220, 13, 0, 48.0, 16.0, 97.2);
INSERT INTO "cmap____20121205" VALUES(' A-37-M ', 220, 13, 1, 48.0, -16.0, 97.2);
INSERT INTO "cmap____20121205" VALUES(' A-37-B ', 220, 13, 2, 48.0, -48.0, 97.2);
INSERT INTO "cmap____20121205" VALUES(' A-38-T ', 220, 13, 3, 48.0, 16.0, 99.9);
INSERT INTO "cmap____20121205" VALUES(' A-38-M ', 220, 13, 4, 48.0, -16.0, 99.9);
INSERT INTO "cmap____20121205" VALUES(' A-38-B ', 220, 13, 5, 48.0, -48.0, 99.9);
INSERT INTO "cmap____20121205" VALUES(' A-39-T ', 220, 13, 6, 48.0, 16.0, 102.6);
INSERT INTO "cmap____20121205" VALUES(' A-39-M ', 220, 13, 7, 48.0, -16.0, 102.6);
INSERT INTO "cmap____20121205" VALUES(' A-39-B ', 220, 13, 8, 48.0, -48.0, 102.6);
INSERT INTO "cmap____20121205" VALUES(' A-40-T ', 220, 13, 9, 48.0, 16.0, 126.1);
INSERT INTO "cmap____20121205" VALUES(' A-40-M ', 220, 13, 10, 48.0, -16.0, 126.1);
INSERT INTO "cmap____20121205" VALUES(' A-40-B ', 220, 13, 11, 48.0, -48.0, 126.1);
INSERT INTO "cmap____20121205" VALUES(' A-41-T ', 220, 14, 0, 48.0, 16.0, 131.4);
INSERT INTO "cmap____20121205" VALUES(' A-41-M ', 220, 14, 1, 48.0, -16.0, 131.4);
INSERT INTO "cmap____20121205" VALUES(' A-41-B ', 220, 14, 2, 48.0, -48.0, 131.4);
INSERT INTO "cmap____20121205" VALUES(' A-42-T ', 220, 14, 3, 48.0, 16.0, 136.7);
INSERT INTO "cmap____20121205" VALUES(' A-42-M ', 220, 14, 4, 48.0, -16.0, 136.7);
INSERT INTO "cmap____20121205" VALUES(' A-42-B ', 220, 14, 5, 48.0, -48.0, 136.7);
INSERT INTO "cmap____20121205" VALUES(' A-43-T ', 220, 14, 6, 48.0, 16.0, 142.0);
INSERT INTO "cmap____20121205" VALUES(' A-43-M ', 220, 14, 7, 48.0, -16.0, 142.0);
INSERT INTO "cmap____20121205" VALUES(' A-43-B ', 220, 14, 8, 48.0, -48.0, 142.0);
INSERT INTO "cmap____20121205" VALUES(' A-44-T ', 220, 14, 9, 48.0, 16.0, 147.3);
INSERT INTO "cmap____20121205" VALUES(' A-44-M ', 220, 14, 10, 48.0, -16.0, 147.3);
INSERT INTO "cmap____20121205" VALUES(' A-44-B ', 220, 14, 11, 48.0, -48.0, 147.3);
INSERT INTO "cmap____20121205" VALUES(' A-45-T ', 220, 15, 0, 48.0, 16.0, 152.6);
INSERT INTO "cmap____20121205" VALUES(' A-45-M ', 220, 15, 1, 48.0, -16.0, 152.6);
INSERT INTO "cmap____20121205" VALUES(' A-45-B ', 220, 15, 2, 48.0, -48.0, 152.6);
INSERT INTO "cmap____20121205" VALUES(' A-46-T ', 220, 15, 3, 48.0, 16.0, 157.9);
INSERT INTO "cmap____20121205" VALUES(' A-46-M ', 220, 15, 4, 48.0, -16.0, 157.9);
INSERT INTO "cmap____20121205" VALUES(' A-46-B ', 220, 15, 5, 48.0, -48.0, 157.9);
INSERT INTO "cmap____20121205" VALUES(' A-47-T ', 220, 15, 6, 48.0, 16.0, 163.2);
INSERT INTO "cmap____20121205" VALUES(' A-47-M ', 220, 15, 7, 48.0, -16.0, 163.2);
INSERT INTO "cmap____20121205" VALUES(' A-47-B ', 220, 15, 8, 48.0, -48.0, 163.2);
INSERT INTO "cmap____20121205" VALUES(' A-48-T ', 220, 15, 9, 48.0, 16.0, 176.2);
INSERT INTO "cmap____20121205" VALUES(' A-48-M ', 220, 15, 10, 48.0, -16.0, 176.2);
INSERT INTO "cmap____20121205" VALUES(' A-48-B ', 220, 15, 11, 48.0, -48.0, 176.2);
INSERT INTO "cmap____20121205" VALUES(' A-49-T ', 220, 16, 0, 48.0, 16.0, 189.2);
INSERT INTO "cmap____20121205" VALUES(' A-49-M ', 220, 16, 1, 48.0, -16.0, 189.2);
INSERT INTO "cmap____20121205" VALUES(' A-49-B ', 220, 16, 2, 48.0, -48.0, 189.2);
INSERT INTO "cmap____20121205" VALUES(' A-50-T ', 220, 16, 3, 48.0, 16.0, 202.2);
INSERT INTO "cmap____20121205" VALUES(' A-50-M ', 220, 16, 4, 48.0, -16.0, 202.2);
INSERT INTO "cmap____20121205" VALUES(' A-50-B ', 220, 16, 5, 48.0, -48.0, 202.2);
INSERT INTO "cmap____20121205" VALUES(' A-51-T ', 220, 16, 6, 48.0, 16.0, 215.2);
INSERT INTO "cmap____20121205" VALUES(' A-51-M ', 220, 16, 7, 48.0, -16.0, 215.2);
INSERT INTO "cmap____20121205" VALUES(' A-51-B ', 220, 16, 8, 48.0, -48.0, 215.2);
INSERT INTO "cmap____20121205" VALUES(' A-52-T ', 220, 16, 9, 48.0, 16.0, 228.2);
INSERT INTO "cmap____20121205" VALUES(' A-52-M ', 220, 16, 10, 48.0, -16.0, 228.2);
INSERT INTO "cmap____20121205" VALUES(' A-52-B ', 220, 16, 11, 48.0, -48.0, 228.2);
INSERT INTO "cmap____20121205" VALUES(' A-53-T ', 220, 17, 0, 48.0, 16.0, 241.2);
INSERT INTO "cmap____20121205" VALUES(' A-53-M ', 220, 17, 1, 48.0, -16.0, 241.2);
INSERT INTO "cmap____20121205" VALUES(' A-53-B ', 220, 17, 2, 48.0, -48.0, 241.2);
INSERT INTO "cmap____20121205" VALUES(' A-54-T ', 220, 17, 3, 48.0, 16.0, 254.2);
INSERT INTO "cmap____20121205" VALUES(' A-54-M ', 220, 17, 4, 48.0, -16.0, 254.2);
INSERT INTO "cmap____20121205" VALUES(' A-54-B ', 220, 17, 5, 48.0, -48.0, 254.2);

INSERT INTO "cmap____20121205" VALUES(' B-01-T ', 221, 4, 0, -48.0, 48.0, 0.00);
INSERT INTO "cmap____20121205" VALUES(' B-01-M ', 221, 4, 1, -48.0, 16.0, 0.00);
INSERT INTO "cmap____20121205" VALUES(' B-01-B ', 221, 4, 2, -48.0, -16.0, 0.00);
INSERT INTO "cmap____20121205" VALUES(' B-02-T ', 221, 4, 3, -48.0, 48.0, 2.7);
INSERT INTO "cmap____20121205" VALUES(' B-02-M ', 221, 4, 4, -48.0, 16.0, 2.7);
INSERT INTO "cmap____20121205" VALUES(' B-02-B ', 221, 4, 5, -48.0, -16.0, 2.7);
INSERT INTO "cmap____20121205" VALUES(' B-03-T ', 221, 4, 6, -48.0, 48.0, 5.4);
INSERT INTO "cmap____20121205" VALUES(' B-03-M ', 221, 4, 7, -48.0, 16.0, 5.4);
INSERT INTO "cmap____20121205" VALUES(' B-03-B ', 221, 4, 8, -48.0, -16.0, 5.4);
INSERT INTO "cmap____20121205" VALUES(' B-04-T ', 221, 4, 9, -48.0, 48.0, 8.1);
INSERT INTO "cmap____20121205" VALUES(' B-04-M ', 221, 4, 10, -48.0, 16.0, 8.1);
INSERT INTO "cmap____20121205" VALUES(' B-04-B ', 221, 4, 11, -48.0, -16.0, 8.1);
INSERT INTO "cmap____20121205" VALUES(' B-05-T ', 221, 5, 0, -48.0, 48.0, 10.8);
INSERT INTO "cmap____20121205" VALUES(' B-05-M ', 221, 5, 1, -48.0, 16.0, 10.8);
INSERT INTO "cmap____20121205" VALUES(' B-05-B ', 221, 5, 2, -48.0, -16.0, 10.8);
INSERT INTO "cmap____20121205" VALUES(' B-06-T ', 221, 5, 3, -48.0, 48.0, 13.5);
INSERT INTO "cmap____20121205" VALUES(' B-06-M ', 221, 5, 4, -48.0, 16.0, 13.5);
INSERT INTO "cmap____20121205" VALUES(' B-06-B ', 221, 5, 5, -48.0, -16.0, 13.5);
INSERT INTO "cmap____20121205" VALUES(' B-07-T ', 221, 5, 6, -48.0, 48.0, 16.2);
INSERT INTO "cmap____20121205" VALUES(' B-07-M ', 221, 5, 7, -48.0, 16.0, 16.2);
INSERT INTO "cmap____20121205" VALUES(' B-07-B ', 221, 5, 8, -48.0, -16.0, 16.2);
INSERT INTO "cmap____20121205" VALUES(' B-08-T ', 221, 5, 9, -48.0, 48.0, 18.9);
INSERT INTO "cmap____20121205" VALUES(' B-08-M ', 221, 5, 10, -48.0, 16.0, 18.9);
INSERT INTO "cmap____20121205" VALUES(' B-08-B ', 221, 5, 11, -48.0, -16.0, 18.9);
INSERT INTO "cmap____20121205" VALUES(' B-09-T ', 221, 6, 0, -48.0, 48.0, 21.6);
INSERT INTO "cmap____20121205" VALUES(' B-09-M ', 221, 6, 1, -48.0, 16.0, 21.6);
INSERT INTO "cmap____20121205" VALUES(' B-09-B ', 221, 6, 2, -48.0, -16.0, 21.6);
INSERT INTO "cmap____20121205" VALUES(' B-10-T ', 221, 6, 3, -48.0, 48.0, 24.3);
INSERT INTO "cmap____20121205" VALUES(' B-10-M ', 221, 6, 4, -48.0, 16.0, 24.3);
INSERT INTO "cmap____20121205" VALUES(' B-10-B ', 221, 6, 5, -48.0, -16.0, 24.3);
INSERT INTO "cmap____20121205" VALUES(' B-11-T ', 221, 6, 6, -48.0, 48.0, 27.0);
INSERT INTO "cmap____20121205" VALUES(' B-11-M ', 221, 6, 7, -48.0, 16.0, 27.0);
INSERT INTO "cmap____20121205" VALUES(' B-11-B ', 221, 6, 8, -48.0, -16.0, 27.0);
INSERT INTO "cmap____20121205" VALUES(' B-12-T ', 221, 6, 9, -48.0, 48.0, 29.7);
INSERT INTO "cmap____20121205" VALUES(' B-12-M ', 221, 6, 10, -48.0, 16.0, 29.7);
INSERT INTO "cmap____20121205" VALUES(' B-12-B ', 221, 6, 11, -48.0, -16.0, 29.7);
INSERT INTO "cmap____20121205" VALUES(' B-13-T ', 221, 7, 0, -48.0, 48.0, 32.4);
INSERT INTO "cmap____20121205" VALUES(' B-13-M ', 221, 7, 1, -48.0, 16.0, 32.4);
INSERT INTO "cmap____20121205" VALUES(' B-13-B ', 221, 7, 2, -48.0, -16.0, 32.4);
INSERT INTO "cmap____20121205" VALUES(' B-14-T ', 221, 7, 3, -48.0, 48.0, 35.1);
INSERT INTO "cmap____20121205" VALUES(' B-14-M ', 221, 7, 4, -48.0, 16.0, 35.1);
INSERT INTO "cmap____20121205" VALUES(' B-14-B ', 221, 7, 5, -48.0, -16.0, 35.1);
INSERT INTO "cmap____20121205" VALUES(' B-15-T ', 221, 7, 6, -48.0, 48.0, 37.8);
INSERT INTO "cmap____20121205" VALUES(' B-15-M ', 221, 7, 7, -48.0, 16.0, 37.8);
INSERT INTO "cmap____20121205" VALUES(' B-15-B ', 221, 7, 8, -48.0, -16.0, 37.8);
INSERT INTO "cmap____20121205" VALUES(' B-16-T ', 221, 7, 9, -48.0, 48.0, 40.5);
INSERT INTO "cmap____20121205" VALUES(' B-16-M ', 221, 7, 10, -48.0, 16.0, 40.5);
INSERT INTO "cmap____20121205" VALUES(' B-16-B ', 221, 7, 11, -48.0, -16.0, 40.5);
INSERT INTO "cmap____20121205" VALUES(' B-17-T ', 221, 8, 0, -48.0, 48.0, 43.2);
INSERT INTO "cmap____20121205" VALUES(' B-17-M ', 221, 8, 1, -48.0, 16.0, 43.2);
INSERT INTO "cmap____20121205" VALUES(' B-17-B ', 221, 8, 2, -48.0, -16.0, 43.2);
INSERT INTO "cmap____20121205" VALUES(' B-18-T ', 221, 8, 3, -48.0, 48.0, 45.9);
INSERT INTO "cmap____20121205" VALUES(' B-18-M ', 221, 8, 4, -48.0, 16.0, 45.9);
INSERT INTO "cmap____20121205" VALUES(' B-18-B ', 221, 8, 5, -48.0, -16.0, 45.9);
INSERT INTO "cmap____20121205" VALUES(' B-19-T ', 221, 8, 6, -48.0, 48.0, 48.6);
INSERT INTO "cmap____20121205" VALUES(' B-19-M ', 221, 8, 7, -48.0, 16.0, 48.6);
INSERT INTO "cmap____20121205" VALUES(' B-19-B ', 221, 8, 8, -48.0, -16.0, 48.6);
INSERT INTO "cmap____20121205" VALUES(' B-20-T ', 221, 8, 9, -48.0, 48.0, 51.3);
INSERT INTO "cmap____20121205" VALUES(' B-20-M ', 221, 8, 10, -48.0, 16.0, 51.3);
INSERT INTO "cmap____20121205" VALUES(' B-20-B ', 221, 8, 11, -48.0, -16.0, 51.3);
INSERT INTO "cmap____20121205" VALUES(' B-21-T ', 221, 9, 0, -48.0, 48.0, 54.0);
INSERT INTO "cmap____20121205" VALUES(' B-21-M ', 221, 9, 1, -48.0, 16.0, 54.0);
INSERT INTO "cmap____20121205" VALUES(' B-21-B ', 221, 9, 2, -48.0, -16.0, 54.0);
INSERT INTO "cmap____20121205" VALUES(' B-22-T ', 221, 9, 3, -48.0, 48.0, 56.7);
INSERT INTO "cmap____20121205" VALUES(' B-22-M ', 221, 9, 4, -48.0, 16.0, 56.7);
INSERT INTO "cmap____20121205" VALUES(' B-22-B ', 221, 9, 5, -48.0, -16.0, 56.7);
INSERT INTO "cmap____20121205" VALUES(' B-23-T ', 221, 9, 6, -48.0, 48.0, 59.4);
INSERT INTO "cmap____20121205" VALUES(' B-23-M ', 221, 9, 7, -48.0, 16.0, 59.4);
INSERT INTO "cmap____20121205" VALUES(' B-23-B ', 221, 9, 8, -48.0, -16.0, 59.4);
INSERT INTO "cmap____20121205" VALUES(' B-24-T ', 221, 9, 9, -48.0, 48.0, 62.1);
INSERT INTO "cmap____20121205" VALUES(' B-24-M ', 221, 9, 10, -48.0, 16.0, 62.1);
INSERT INTO "cmap____20121205" VALUES(' B-24-B ', 221, 9, 11, -48.0, -16.0, 62.1);
INSERT INTO "cmap____20121205" VALUES(' B-25-T ', 221, 10, 0, -48.0, 48.0, 64.8);
INSERT INTO "cmap____20121205" VALUES(' B-25-M ', 221, 10, 1, -48.0, 16.0, 64.8);
INSERT INTO "cmap____20121205" VALUES(' B-25-B ', 221, 10, 2, -48.0, -16.0, 64.8);
INSERT INTO "cmap____20121205" VALUES(' B-26-T ', 221, 10, 3, -48.0, 48.0, 67.5);
INSERT INTO "cmap____20121205" VALUES(' B-26-M ', 221, 10, 4, -48.0, 16.0, 67.5);
INSERT INTO "cmap____20121205" VALUES(' B-26-B ', 221, 10, 5, -48.0, -16.0, 67.5);
INSERT INTO "cmap____20121205" VALUES(' B-27-T ', 221, 10, 6, -48.0, 48.0, 70.2);
INSERT INTO "cmap____20121205" VALUES(' B-27-M ', 221, 10, 7, -48.0, 16.0, 70.2);
INSERT INTO "cmap____20121205" VALUES(' B-27-B ', 221, 10, 8, -48.0, -16.0, 70.2);
INSERT INTO "cmap____20121205" VALUES(' B-28-T ', 221, 10, 9, -48.0, 48.0, 72.9);
INSERT INTO "cmap____20121205" VALUES(' B-28-M ', 221, 10, 10, -48.0, 16.0, 72.9);
INSERT INTO "cmap____20121205" VALUES(' B-28-B ', 221, 10, 11, -48.0, -16.0, 72.9);
INSERT INTO "cmap____20121205" VALUES(' B-29-T ', 221, 11, 0, -48.0, 48.0, 74.76);
INSERT INTO "cmap____20121205" VALUES(' B-29-M ', 221, 11, 1, -48.0, 16.0, 74.76);
INSERT INTO "cmap____20121205" VALUES(' B-29-B ', 221, 11, 2, -48.0, -16.0, 74.76);
INSERT INTO "cmap____20121205" VALUES(' B-30-T ', 221, 11, 3, -48.0, 48.0, 77.43);
INSERT INTO "cmap____20121205" VALUES(' B-30-M ', 221, 11, 4, -48.0, 16.0, 77.43);
INSERT INTO "cmap____20121205" VALUES(' B-30-B ', 221, 11, 5, -48.0, -16.0, 77.43);
INSERT INTO "cmap____20121205" VALUES(' B-31-T ', 221, 11, 6, -48.0, 48.0, 81.0);
INSERT INTO "cmap____20121205" VALUES(' B-31-M ', 221, 11, 7, -48.0, 16.0, 81.0);
INSERT INTO "cmap____20121205" VALUES(' B-31-B ', 221, 11, 8, -48.0, -16.0, 81.0);
INSERT INTO "cmap____20121205" VALUES(' B-32-T ', 221, 11, 9, -48.0, 48.0, 83.7);
INSERT INTO "cmap____20121205" VALUES(' B-32-M ', 221, 11, 10, -48.0, 16.0, 83.7);
INSERT INTO "cmap____20121205" VALUES(' B-32-B ', 221, 11, 11, -48.0, -16.0, 83.7);
INSERT INTO "cmap____20121205" VALUES(' B-33-T ', 221, 12, 0, -48.0, 48.0, 86.4);
INSERT INTO "cmap____20121205" VALUES(' B-33-M ', 221, 12, 1, -48.0, 16.0, 86.4);
INSERT INTO "cmap____20121205" VALUES(' B-33-B ', 221, 12, 2, -48.0, -16.0, 86.4);
INSERT INTO "cmap____20121205" VALUES(' B-34-T ', 221, 12, 3, -48.0, 48.0, 89.1);
INSERT INTO "cmap____20121205" VALUES(' B-34-M ', 221, 12, 4, -48.0, 16.0, 89.1);
INSERT INTO "cmap____20121205" VALUES(' B-34-B ', 221, 12, 5, -48.0, -16.0, 89.1);
INSERT INTO "cmap____20121205" VALUES(' B-35-T ', 221, 12, 6, -48.0, 48.0, 91.8);
INSERT INTO "cmap____20121205" VALUES(' B-35-M ', 221, 12, 7, -48.0, 16.0, 91.8);
INSERT INTO "cmap____20121205" VALUES(' B-35-B ', 221, 12, 8, -48.0, -16.0, 91.8);
INSERT INTO "cmap____20121205" VALUES(' B-36-T ', 221, 12, 9, -48.0, 48.0, 94.5);
INSERT INTO "cmap____20121205" VALUES(' B-36-M ', 221, 12, 10, -48.0, 16.0, 94.5);
INSERT INTO "cmap____20121205" VALUES(' B-36-B ', 221, 12, 11, -48.0, -16.0, 94.5);
INSERT INTO "cmap____20121205" VALUES(' B-37-T ', 221, 13, 0, -48.0, 48.0, 97.2);
INSERT INTO "cmap____20121205" VALUES(' B-37-M ', 221, 13, 1, -48.0, 16.0, 97.2);
INSERT INTO "cmap____20121205" VALUES(' B-37-B ', 221, 13, 2, -48.0, -16.0, 97.2);
INSERT INTO "cmap____20121205" VALUES(' B-38-T ', 221, 13, 3, -48.0, 48.0, 99.9);
INSERT INTO "cmap____20121205" VALUES(' B-38-M ', 221, 13, 4, -48.0, 16.0, 99.9);
INSERT INTO "cmap____20121205" VALUES(' B-38-B ', 221, 13, 5, -48.0, -16.0, 99.9);
INSERT INTO "cmap____20121205" VALUES(' B-39-T ', 221, 13, 6, -48.0, 48.0, 102.6);
INSERT INTO "cmap____20121205" VALUES(' B-39-M ', 221, 13, 7, -48.0, 16.0, 102.6);
INSERT INTO "cmap____20121205" VALUES(' B-39-B ', 221, 13, 8, -48.0, -16.0, 102.6);
INSERT INTO "cmap____20121205" VALUES(' B-40-T ', 221, 13, 9, -48.0, 48.0, 126.1);
INSERT INTO "cmap____20121205" VALUES(' B-40-M ', 221, 13, 10, -48.0, 16.0, 126.1);
INSERT INTO "cmap____20121205" VALUES(' B-40-B ', 221, 13, 11, -48.0, -16.0, 126.1);
INSERT INTO "cmap____20121205" VALUES(' B-41-T ', 221, 14, 0, -48.0, 48.0, 131.4);
INSERT INTO "cmap____20121205" VALUES(' B-41-M ', 221, 14, 1, -48.0, 16.0, 131.4);
INSERT INTO "cmap____20121205" VALUES(' B-41-B ', 221, 14, 2, -48.0, -16.0, 131.4);
INSERT INTO "cmap____20121205" VALUES(' B-42-T ', 221, 14, 3, -48.0, 48.0, 136.7);
INSERT INTO "cmap____20121205" VALUES(' B-42-M ', 221, 14, 4, -48.0, 16.0, 136.7);
INSERT INTO "cmap____20121205" VALUES(' B-42-B ', 221, 14, 5, -48.0, -16.0, 136.7);
INSERT INTO "cmap____20121205" VALUES(' B-43-T ', 221, 14, 6, -48.0, 48.0, 142.0);
INSERT INTO "cmap____20121205" VALUES(' B-43-M ', 221, 14, 7, -48.0, 16.0, 142.0);
INSERT INTO "cmap____20121205" VALUES(' B-43-B ', 221, 14, 8, -48.0, -16.0, 142.0);
INSERT INTO "cmap____20121205" VALUES(' B-44-T ', 221, 14, 9, -48.0, 48.0, 147.3);
INSERT INTO "cmap____20121205" VALUES(' B-44-M ', 221, 14, 10, -48.0, 16.0, 147.3);
INSERT INTO "cmap____20121205" VALUES(' B-44-B ', 221, 14, 11, -48.0, -16.0, 147.3);
INSERT INTO "cmap____20121205" VALUES(' B-45-T ', 221, 15, 0, -48.0, 48.0, 152.6);
INSERT INTO "cmap____20121205" VALUES(' B-45-M ', 221, 15, 1, -48.0, 16.0, 152.6);
INSERT INTO "cmap____20121205" VALUES(' B-45-B ', 221, 15, 2, -48.0, -16.0, 152.6);
INSERT INTO "cmap____20121205" VALUES(' B-46-T ', 221, 15, 3, -48.0, 48.0, 157.9);
INSERT INTO "cmap____20121205" VALUES(' B-46-M ', 221, 15, 4, -48.0, 16.0, 157.9);
INSERT INTO "cmap____20121205" VALUES(' B-46-B ', 221, 15, 5, -48.0, -16.0, 157.9);
INSERT INTO "cmap____20121205" VALUES(' B-47-T ', 221, 15, 6, -48.0, 48.0, 163.2);
INSERT INTO "cmap____20121205" VALUES(' B-47-M ', 221, 15, 7, -48.0, 16.0, 163.2);
INSERT INTO "cmap____20121205" VALUES(' B-47-B ', 221, 15, 8, -48.0, -16.0, 163.2);
INSERT INTO "cmap____20121205" VALUES(' B-48-T ', 221, 15, 9, -48.0, 48.0, 176.2);
INSERT INTO "cmap____20121205" VALUES(' B-48-M ', 221, 15, 10, -48.0, 16.0, 176.2);
INSERT INTO "cmap____20121205" VALUES(' B-48-B ', 221, 15, 11, -48.0, -16.0, 176.2);
INSERT INTO "cmap____20121205" VALUES(' B-49-T ', 221, 16, 0, -48.0, 48.0, 189.2);
INSERT INTO "cmap____20121205" VALUES(' B-49-M ', 221, 16, 1, -48.0, 16.0, 189.2);
INSERT INTO "cmap____20121205" VALUES(' B-49-B ', 221, 16, 2, -48.0, -16.0, 189.2);
INSERT INTO "cmap____20121205" VALUES(' B-50-T ', 221, 16, 3, -48.0, 48.0, 202.2);
INSERT INTO "cmap____20121205" VALUES(' B-50-M ', 221, 16, 4, -48.0, 16.0, 202.2);
INSERT INTO "cmap____20121205" VALUES(' B-50-B ', 221, 16, 5, -48.0, -16.0, 202.2);
INSERT INTO "cmap____20121205" VALUES(' B-51-T ', 221, 16, 6, -48.0, 48.0, 215.2);
INSERT INTO "cmap____20121205" VALUES(' B-51-M ', 221, 16, 7, -48.0, 16.0, 215.2);
INSERT INTO "cmap____20121205" VALUES(' B-51-B ', 221, 16, 8, -48.0, -16.0, 215.2);
INSERT INTO "cmap____20121205" VALUES(' B-52-T ', 221, 16, 9, -48.0, 48.0, 228.2);
INSERT INTO "cmap____20121205" VALUES(' B-52-M ', 221, 16, 10, -48.0, 16.0, 228.2);
INSERT INTO "cmap____20121205" VALUES(' B-52-B ', 221, 16, 11, -48.0, -16.0, 228.2);
INSERT INTO "cmap____20121205" VALUES(' B-53-T ', 221, 17, 0, -48.0, 48.0, 241.2);
INSERT INTO "cmap____20121205" VALUES(' B-53-M ', 221, 17, 1, -48.0, 16.0, 241.2);
INSERT INTO "cmap____20121205" VALUES(' B-53-B ', 221, 17, 2, -48.0, -16.0, 241.2);
INSERT INTO "cmap____20121205" VALUES(' B-54-T ', 221, 17, 3, -48.0, 48.0, 254.2);
INSERT INTO "cmap____20121205" VALUES(' B-54-M ', 221, 17, 4, -48.0, 16.0, 254.2);
INSERT INTO "cmap____20121205" VALUES(' B-54-B ', 221, 17, 5, -48.0, -16.0, 254.2);
COMMIT;

